000
CDUS43 KGRR 050517
CLIMKG


CLIMATE REPORT
NATIONAL WEATHER SERVICE GRAND RAPIDS, MI
113 AM EDT TUE MAY 5 2015


...................................

...THE MUSKEGON MI CLIMATE SUMMARY FOR MAY 4 2015...

CLIMATE NORMAL PERIOD 1981 TO 2010
CLIMATE RECORD PERIOD 1896 TO 2015


WEATHER ITEM   OBSERVED TIME   RECORD YEAR NORMAL DEPARTURE LAST
                VALUE   (LST)  VALUE       VALUE  FROM      YEAR
                                                  NORMAL
..................................................................
TEMPERATURE (F)
 YESTERDAY
  MAXIMUM         66    804 PM  84    1999  63      3       56
  MINIMUM         51    747 AM  26    1966  43      8       43
                                      1926
  AVERAGE         59                        53      6       50

PRECIPITATION (IN)
  YESTERDAY        0.14          0.93 1990   0.11   0.03     0.00
  MONTH TO DATE    0.14                      0.41  -0.27     0.29
  SINCE MAR 1      5.99                      5.57   0.42     4.74
  SINCE JAN 1      9.28                      9.43  -0.15     9.87

SNOWFALL (IN)
  YESTERDAY        0.0           0.3  1954   0.0    0.0      0.0
  MONTH TO DATE    0.0                       0.0    0.0      0.0
  SINCE MAR 1      4.0                      11.3   -7.3      9.1
  SINCE JUL 1     92.1                      93.7   -1.6    132.7
  SNOW DEPTH       0

DEGREE DAYS
 HEATING
  YESTERDAY        6                        12     -6       15
  MONTH TO DATE   31                        50    -19       72
  SINCE MAR 1   1573                      1536     37     1837
  SINCE JUL 1   6698                      6268    430     6977

 COOLING
  YESTERDAY        0                         0      0        0
  MONTH TO DATE    0                         0      0        0
  SINCE MAR 1      0                         4     -4        0
  SINCE JAN 1      0                         4     -4        0
..................................................................


WIND (MPH)
  RESULTANT WIND SPEED   5   RESULTANT WIND DIRECTION  SW (230)
  HIGHEST WIND SPEED    25   HIGHEST WIND DIRECTION     S (190)
  HIGHEST GUST SPEED    34   HIGHEST GUST DIRECTION     S (200)
  AVERAGE WIND SPEED     9.5


SKY COVER
  AVERAGE SKY COVER 0.9


WEATHER CONDITIONS
 THE FOLLOWING WEATHER WAS RECORDED YESTERDAY.
  THUNDERSTORM
  HEAVY RAIN
  LIGHT RAIN
  FOG
  HAZE


RELATIVE HUMIDITY (PERCENT)
 HIGHEST    83          1100 AM
 LOWEST     34           800 PM
 AVERAGE    59

..........................................................


THE MUSKEGON MI CLIMATE NORMALS FOR TODAY
                         NORMAL    RECORD    YEAR
 MAXIMUM TEMPERATURE (F)   64        88      1959
 MINIMUM TEMPERATURE (F)   44        27      1983
                                             1979


SUNRISE AND SUNSET
MAY  5 2015...........SUNRISE   633 AM EDT   SUNSET   851 PM EDT
MAY  6 2015...........SUNRISE   632 AM EDT   SUNSET   852 PM EDT


-  INDICATES NEGATIVE NUMBERS.
R  INDICATES RECORD WAS SET OR TIED.
MM INDICATES DATA IS MISSING.
T  INDICATES TRACE AMOUNT.




$$
