000
CDUS44 KMEG 252155
CLIMKL


CLIMATE REPORT
NATIONAL WEATHER SERVICE MEMPHIS TN
455 PM CDT SAT APR 25 2015


...................................

...THE JACKSON CLIMATE SUMMARY FOR APRIL 25 2015...
VALID TODAY AS OF 0400 PM LOCAL TIME.

CLIMATE NORMAL PERIOD 1981 TO 2010
CLIMATE RECORD PERIOD 1948 TO 2015


WEATHER ITEM   OBSERVED TIME   RECORD YEAR NORMAL DEPARTURE LAST
                VALUE   (LST)  VALUE       VALUE  FROM      YEAR
                                                  NORMAL
..................................................................
TEMPERATURE (F)
 TODAY
  MAXIMUM         83    329 PM  87    2009  75      8       75
                                      1986
                                      1954
  MINIMUM         56   1240 AM  32    2013  51      5       47
  AVERAGE         70                        63      7       61

PRECIPITATION (IN)
  TODAY            0.10          1.61 1970   0.17  -0.07     0.00
  MONTH TO DATE    4.92                      4.01   0.91     2.80
  SINCE MAR 1      9.88                      8.76   1.12     8.64
  SINCE JAN 1     15.77                     17.00  -1.23    16.80

SNOWFALL (IN)
  TODAY            0.0

DEGREE DAYS
 HEATING
  TODAY            0                         4     -4        4
  MONTH TO DATE  102                       179    -77      178
  SINCE MAR 1    581                       623    -42      772
  SINCE JUL 1   3754                      3507    247     4068

 COOLING
  TODAY            5                         2      3        0
  MONTH TO DATE   59                        36     23       31
  SINCE MAR 1     61                        46     15       31
  SINCE JAN 1     61                        47     14       31
..................................................................


WIND (MPH)
  HIGHEST WIND SPEED    24   HIGHEST WIND DIRECTION    SW (230)
  HIGHEST GUST SPEED    36   HIGHEST GUST DIRECTION     S (160)
  AVERAGE WIND SPEED    14.7


SKY COVER
  POSSIBLE SUNSHINE  MM
  AVERAGE SKY COVER 0.5


WEATHER CONDITIONS
 THE FOLLOWING WEATHER WAS RECORDED TODAY.
  THUNDERSTORM
  LIGHT RAIN


RELATIVE HUMIDITY (PERCENT)
 HIGHEST    93          1200 AM
 LOWEST     43           300 PM
 AVERAGE    68

..........................................................


THE JACKSON CLIMATE NORMALS FOR TOMORROW
                         NORMAL    RECORD    YEAR
 MAXIMUM TEMPERATURE (F)   75        90      1989
 MINIMUM TEMPERATURE (F)   51        38      1983
                                             1972


SUNRISE AND SUNSET
APRIL 25 2015.........SUNRISE   611 AM CDT   SUNSET   737 PM CDT
APRIL 26 2015.........SUNRISE   610 AM CDT   SUNSET   738 PM CDT


-  INDICATES NEGATIVE NUMBERS.
R  INDICATES RECORD WAS SET OR TIED.
MM INDICATES DATA IS MISSING.
T  INDICATES TRACE AMOUNT.




$$
