000
CDUS43 KDVN 012137
CLIMLI


CLIMATE REPORT
NATIONAL WEATHER SERVICE QUAD CITIES IA IL
435 PM CDT WED APR 1 2015


...................................

...THE MOLINE IL CLIMATE SUMMARY FOR APRIL 1 2015...
VALID TODAY AS OF 0400 PM LOCAL TIME.

CLIMATE NORMAL PERIOD 1981 TO 2010
CLIMATE RECORD PERIOD 1872 TO 2015


WEATHER ITEM   OBSERVED TIME   RECORD YEAR NORMAL DEPARTURE LAST
                VALUE   (LST)  VALUE       VALUE  FROM      YEAR
                                                  NORMAL
..................................................................
TEMPERATURE (F)
 TODAY
  MAXIMUM         80    230 PM  85    2010  56     24       51
  MINIMUM         35    426 AM  17    1899  35      0       28
  AVERAGE         58                        46     12       40

PRECIPITATION (IN)
  TODAY            0.00          1.38 1983   0.11  -0.11     0.00
                                      1873
  MONTH TO DATE    0.00                      0.11  -0.11     0.00
  SINCE MAR 1      0.89                      2.97  -2.08     0.91
  SINCE JAN 1      3.82                      6.06  -2.24     4.93

SNOWFALL (IN)
  TODAY            0.0          MM      MM   0.1   -0.1      0.0
  MONTH TO DATE    0.0                       0.1   -0.1      0.0
  SINCE MAR 1      0.1                       4.1   -4.0     10.3
  SINCE JUL 1     39.1                      30.8    8.3     65.1
  SNOW DEPTH       0

DEGREE DAYS
 HEATING
  TODAY            7                        19    -12       25
  MONTH TO DATE    7                        19    -12       25
  SINCE MAR 1    850                       823     27     1051
  SINCE JUL 1   6108                      5621    487     6721

 COOLING
  TODAY            0                         0      0        0
  MONTH TO DATE    0                         0      0        0
  SINCE MAR 1      0                         1     -1        0
  SINCE JAN 1      0                         1     -1        0
..................................................................


WIND (MPH)
  HIGHEST WIND SPEED    25   HIGHEST WIND DIRECTION     S (180)
  HIGHEST GUST SPEED    35   HIGHEST GUST DIRECTION     S (160)
  AVERAGE WIND SPEED     8.3


SKY COVER
  POSSIBLE SUNSHINE  MM
  AVERAGE SKY COVER 0.0


WEATHER CONDITIONS
 THE FOLLOWING WEATHER WAS RECORDED TODAY.
  NO SIGNIFICANT WEATHER WAS OBSERVED.


RELATIVE HUMIDITY (PERCENT)
 HIGHEST    82           500 AM
 LOWEST     16           200 PM
 AVERAGE    49

..........................................................


THE MOLINE IL CLIMATE NORMALS FOR TOMORROW
                         NORMAL    RECORD    YEAR
 MAXIMUM TEMPERATURE (F)   57        85      1981
 MINIMUM TEMPERATURE (F)   36        14      1886


SUNRISE AND SUNSET
APRIL  1 2015.........SUNRISE   646 AM CDT   SUNSET   727 PM CDT
APRIL  2 2015.........SUNRISE   644 AM CDT   SUNSET   728 PM CDT


-  INDICATES NEGATIVE NUMBERS.
R  INDICATES RECORD WAS SET OR TIED.
MM INDICATES DATA IS MISSING.
T  INDICATES TRACE AMOUNT.




$$
