000
CDUS43 KMPX 270627
CLIMPX


CLIMATE REPORT
NATIONAL WEATHER SERVICE CHANHASSEN MN
127 AM CDT MON APR 27 2015


...................................

...THE CHANHASSEN MN CLIMATE SUMMARY FOR APRIL 26 2015...

CLIMATE NORMAL PERIOD 1981 TO 2010
CLIMATE RECORD PERIOD 1995 TO 2015


WEATHER ITEM   OBSERVED TIME   RECORD YEAR NORMAL DEPARTURE LAST
                VALUE   (LST)  VALUE       VALUE  FROM      YEAR
                                                  NORMAL
..................................................................
TEMPERATURE (F)
 YESTERDAY
  MAXIMUM         62        MM  MM      MM  62      0       54
  MINIMUM         35        MM  MM      MM  41     -6       36
  AVERAGE         49                        51     -2       45

PRECIPITATION (IN)
  YESTERDAY        0.00         MM      MM   0.11  -0.11     0.13
  MONTH TO DATE    2.22                      2.53  -0.31     3.03
  SINCE MAR 1      3.00                      4.31  -1.31     3.72
  SINCE JAN 1      3.76                      6.12  -2.36     6.63

SNOWFALL (IN)
  YESTERDAY        0.0          MM      MM   0.0    0.0      0.0
  MONTH TO DATE    0.5                       3.2   -2.7     10.8
  SINCE MAR 1      9.3                      14.0   -4.7     14.2
  SINCE JUL 1     33.4                      53.7  -20.3     69.5
  SNOW DEPTH       0

DEGREE DAYS
 HEATING
  YESTERDAY       16                        14      2       20
  MONTH TO DATE  465                       509    -44      610
  SINCE MAR 1   1430                      1555   -125     1878
  SINCE JUL 1   7688                      7570    118     8761

 COOLING
  YESTERDAY        0                         0      0        0
  MONTH TO DATE    0                         0      0        0
  SINCE MAR 1      0                         0      0        0
  SINCE JAN 1      0                         0      0        0
..................................................................


WIND (MPH)
  HIGHEST WIND SPEED    MM   HIGHEST WIND DIRECTION    MM
  HIGHEST GUST SPEED    MM   HIGHEST GUST DIRECTION    MM
  AVERAGE WIND SPEED    MM


SKY COVER
  POSSIBLE SUNSHINE  MM
  AVERAGE SKY COVER  MM


WEATHER CONDITIONS
 THE FOLLOWING WEATHER WAS RECORDED YESTERDAY.
  NO SIGNIFICANT WEATHER WAS OBSERVED.


RELATIVE HUMIDITY (PERCENT)
 HIGHEST    MM
 LOWEST     MM
 AVERAGE    MM

..........................................................


THE CHANHASSEN MN CLIMATE NORMALS FOR TODAY
                         NORMAL    RECORD    YEAR
 MAXIMUM TEMPERATURE (F)   63        MM        MM
 MINIMUM TEMPERATURE (F)   41        MM        MM


SUNRISE AND SUNSET
APRIL 27 2015.........SUNRISE   610 AM CDT   SUNSET   814 PM CDT
APRIL 28 2015.........SUNRISE   609 AM CDT   SUNSET   816 PM CDT


-  INDICATES NEGATIVE NUMBERS.
R  INDICATES RECORD WAS SET OR TIED.
MM INDICATES DATA IS MISSING.
T  INDICATES TRACE AMOUNT.




$$
