000
CDUS45 KMSO 032231
CLIMSO


CLIMATE REPORT
NATIONAL WEATHER SERVICE MISSOULA, MT
430 PM MDT SUN MAY 3 2015


...................................

...THE MISSOULA MT CLIMATE SUMMARY FOR MAY 3 2015...
VALID TODAY AS OF 0400 PM LOCAL TIME.

CLIMATE NORMAL PERIOD 1981 TO 2010
CLIMATE RECORD PERIOD 1893 TO 2015


WEATHER ITEM   OBSERVED TIME   RECORD YEAR NORMAL DEPARTURE LAST
                VALUE   (LST)  VALUE       VALUE  FROM      YEAR
                                                  NORMAL
..................................................................
TEMPERATURE (F)
 TODAY
  MAXIMUM         69    259 PM  86    1966  64      5       68
  MINIMUM         30    543 AM  22    1894  36     -6       46
  AVERAGE         50                        50      0       57

PRECIPITATION (IN)
  TODAY            0.00          1.40 1932   0.04  -0.04     0.10
  MONTH TO DATE    0.00                      0.13  -0.13     0.10
  SINCE OCT 1      8.47                      6.83   1.64     7.65
  SINCE JAN 1      3.16                      3.90  -0.74     5.94

SNOWFALL (IN)
  TODAY            0.0
  MONTH TO DATE    0.0
  SINCE JAN 1     13.3
  SINCE JUL 1     33.9
  SNOW DEPTH       0

DEGREE DAYS
 HEATING
  TODAY           15                        15      0        8
  MONTH TO DATE   40                        46     -6       23
  SINCE MAR 1   1381                      1440    -59     1505
  SINCE JUL 1   6373                      6809   -436     7015

 COOLING
  TODAY            0                         0      0        0
  MONTH TO DATE    0                         0      0        0
  SINCE MAR 1      0                         0      0        0
  SINCE JAN 1      0                         0      0        0
..................................................................


WIND (MPH)
  HIGHEST WIND SPEED    13   HIGHEST WIND DIRECTION     N (10)
  HIGHEST GUST SPEED    16   HIGHEST GUST DIRECTION     N (360)
  AVERAGE WIND SPEED     2.5


SKY COVER
  POSSIBLE SUNSHINE  MM
  AVERAGE SKY COVER 0.0


WEATHER CONDITIONS
 THE FOLLOWING WEATHER WAS RECORDED TODAY.
  NO SIGNIFICANT WEATHER WAS OBSERVED.


RELATIVE HUMIDITY (PERCENT)
 HIGHEST    66           600 AM
 LOWEST     16           200 PM
 AVERAGE    41

..........................................................


THE MISSOULA MT CLIMATE NORMALS FOR TOMORROW
                         NORMAL    RECORD    YEAR
 MAXIMUM TEMPERATURE (F)   64        87      1918
 MINIMUM TEMPERATURE (F)   36        25      1996


SUNRISE AND SUNSET
MAY  3 2015...........SUNRISE   618 AM MDT   SUNSET   849 PM MDT
MAY  4 2015...........SUNRISE   617 AM MDT   SUNSET   850 PM MDT


-  INDICATES NEGATIVE NUMBERS.
R  INDICATES RECORD WAS SET OR TIED.
MM INDICATES DATA IS MISSING.
T  INDICATES TRACE AMOUNT.




$$
