000
CDUS45 KBOI 260931
CLIMYL


CLIMATE REPORT
NATIONAL WEATHER SERVICE BOISE ID
330 AM MDT SUN APR 26 2015


...................................

...THE MCCALL ID CLIMATE SUMMARY FOR APRIL 25 2015...

CLIMATE NORMAL PERIOD 1981 TO 2010
CLIMATE RECORD PERIOD 1930 TO 2015


WEATHER ITEM   OBSERVED TIME   RECORD YEAR NORMAL DEPARTURE LAST
                VALUE   (LST)  VALUE       VALUE  FROM      YEAR
                                                  NORMAL
..................................................................
TEMPERATURE (F)
 YESTERDAY
  MAXIMUM         47    219 PM  79    1977  52     -5       41
  MINIMUM         30    606 AM  18    1948  27      3       32
  AVERAGE         39                        40     -1       37

PRECIPITATION (IN)
  YESTERDAY        T             0.66 1975   0.06  -0.06     0.48
  MONTH TO DATE    1.05                      1.61  -0.56     2.17
  SINCE OCT 1     15.79                     13.46   2.33    17.19
  SINCE JAN 1      7.03                      7.28  -0.25    13.12

DEGREE DAYS
 HEATING
  YESTERDAY       26                        25      1       28
  MONTH TO DATE  641                       724    -83      653
  SINCE MAR 1   1459                      1838   -379     1665
  SINCE JUL 1   6830                      8513  -1683     7659

 COOLING
  YESTERDAY        0                         0      0        0
  MONTH TO DATE    0                         0      0        0
  SINCE MAR 1      0                         0      0        0
  SINCE JAN 1      0                         0      0        0
..................................................................


WIND (MPH)
  HIGHEST WIND SPEED    18   HIGHEST WIND DIRECTION    NW (330)
  HIGHEST GUST SPEED    23   HIGHEST GUST DIRECTION     W (270)
  AVERAGE WIND SPEED     5.3


SKY COVER
  AVERAGE SKY COVER 0.6


WEATHER CONDITIONS
 THE FOLLOWING WEATHER WAS RECORDED YESTERDAY.
  LIGHT RAIN
  LIGHT SNOW


RELATIVE HUMIDITY (PERCENT)
 HIGHEST    92           400 AM
 LOWEST     45           300 PM
 AVERAGE    69

..........................................................


THE MCCALL ID CLIMATE NORMALS FOR TODAY
                         NORMAL    RECORD    YEAR
 MAXIMUM TEMPERATURE (F)   52        78      1977
 MINIMUM TEMPERATURE (F)   28        11      1948


SUNRISE AND SUNSET
APRIL 26 2015.........SUNRISE   642 AM MDT   SUNSET   843 PM MDT
APRIL 27 2015.........SUNRISE   640 AM MDT   SUNSET   845 PM MDT


-  INDICATES NEGATIVE NUMBERS.
R  INDICATES RECORD WAS SET OR TIED.
MM INDICATES DATA IS MISSING.
T  INDICATES TRACE AMOUNT.




$$
