000
CDUS44 KLIX 270704
CLINEW


CLIMATE REPORT
NATIONAL WEATHER SERVICE NEW ORLEANS
203 AM CDT MON APR 27 2015


...................................

...THE NEW ORLEANS CLIMATE SUMMARY FOR APRIL 26 2015...

CLIMATE NORMAL PERIOD 1981 TO 2010
CLIMATE RECORD PERIOD 1946 TO 2015


WEATHER ITEM   OBSERVED TIME   RECORD YEAR NORMAL DEPARTURE LAST
                VALUE   (LST)  VALUE       VALUE  FROM      YEAR
                                                  NORMAL
..................................................................
TEMPERATURE (F)
 YESTERDAY
  MAXIMUM         84    332 PM  88    1967  81      3       84
  MINIMUM         67    259 AM  46    1995  63      4       68
  AVERAGE         76                        72      4       76

PRECIPITATION (IN)
  YESTERDAY        T             1.61 2008   0.16  -0.16     0.00
  MONTH TO DATE    9.66                      3.96   5.70     2.17
  SINCE MAR 1     16.02                      8.51   7.51     7.42
  SINCE JAN 1     23.72                     18.96   4.76    16.45

SNOWFALL (IN)
  YESTERDAY        0.0
  MONTH TO DATE    0.0
  SINCE MAR 1      0.0
  SINCE JUL 1      0.0
  SNOW DEPTH       0

DEGREE DAYS
 HEATING
  YESTERDAY        0                         0      0        0
  MONTH TO DATE    0                        32    -32       41
  SINCE MAR 1     70                       168    -98      228
  SINCE JUL 1   1274                      1277     -3     1581

 COOLING
  YESTERDAY       11                         7      4       11
  MONTH TO DATE  253                       127    126      111
  SINCE MAR 1    377                       190    187      132
  SINCE JAN 1    395                       227    168      156
..................................................................


WIND (MPH)
  HIGHEST WIND SPEED    13   HIGHEST WIND DIRECTION     S (160)
  HIGHEST GUST SPEED    14   HIGHEST GUST DIRECTION    SE (150)
  AVERAGE WIND SPEED     4.1


SKY COVER
  POSSIBLE SUNSHINE  MM
  AVERAGE SKY COVER 0.7


WEATHER CONDITIONS
 THE FOLLOWING WEATHER WAS RECORDED YESTERDAY.
  FOG
  FOG W/VISIBILITY <= 1/4 MILE
  HAZE


RELATIVE HUMIDITY (PERCENT)
 HIGHEST    93           300 AM
 LOWEST     58           600 PM
 AVERAGE    76

..........................................................


THE NEW ORLEANS CLIMATE NORMALS FOR TODAY
                         NORMAL    RECORD    YEAR
 MAXIMUM TEMPERATURE (F)   81        89      1987
                                             1964
 MINIMUM TEMPERATURE (F)   63        47      1973


SUNRISE AND SUNSET
APRIL 27 2015.........SUNRISE   622 AM CDT   SUNSET   736 PM CDT
APRIL 28 2015.........SUNRISE   621 AM CDT   SUNSET   736 PM CDT


-  INDICATES NEGATIVE NUMBERS.
R  INDICATES RECORD WAS SET OR TIED.
MM INDICATES DATA IS MISSING.
T  INDICATES TRACE AMOUNT.




$$
