000
CDUS46 KMTR 190830
CLINUQ


CLIMATE REPORT
NATIONAL WEATHER SERVICE SAN FRANCISCO BAY AREA
130 AM PDT SUN APR 19 2015


...................................

...THE MOFFETT FIELD CLIMATE SUMMARY FOR APRIL 18 2015...

CLIMATE NORMAL PERIOD 1981 TO 2010
CLIMATE RECORD PERIOD 1945 TO 2015


WEATHER ITEM   OBSERVED TIME   RECORD YEAR NORMAL DEPARTURE LAST
                VALUE   (LST)  VALUE       VALUE  FROM      YEAR
                                                  NORMAL
..................................................................
TEMPERATURE (F)
 YESTERDAY
  MAXIMUM         71    144 PM  83    1950  69      2       69
  MINIMUM         53    624 AM  42    2004  50      3       52
  AVERAGE         62                        59      3       61

PRECIPITATION (IN)
  YESTERDAY        0.00          0.36 1967   0.03  -0.03     0.00
  MONTH TO DATE    0.60                      0.64  -0.04     0.58
  SINCE OCT 1     13.20                     13.56  -0.36     5.66
  SINCE JAN 1      3.21                      8.72  -5.51     4.90

DEGREE DAYS
 HEATING
  YESTERDAY        3                                         4
  MONTH TO DATE  112                                        79
  SINCE MAR 1    265                                       233
  SINCE JUL 1   1370                                      1691

 COOLING
  YESTERDAY        0                                         0
  MONTH TO DATE    1                                         7
  SINCE MAR 1      9                                        11
  SINCE JAN 1      9                                        11
..................................................................


WIND (MPH)
  RESULTANT WIND SPEED   4   RESULTANT WIND DIRECTION   N (340)
  HIGHEST WIND SPEED    16   HIGHEST WIND DIRECTION     N (350)
  HIGHEST GUST SPEED    18   HIGHEST GUST DIRECTION     N (350)
  AVERAGE WIND SPEED     4.5


SKY COVER
  POSSIBLE SUNSHINE  MM
  AVERAGE SKY COVER 0.2


WEATHER CONDITIONS
 THE FOLLOWING WEATHER WAS RECORDED YESTERDAY.
  FOG
  HAZE


RELATIVE HUMIDITY (PERCENT)
 HIGHEST    86           900 PM
 LOWEST     47           100 PM
 AVERAGE    67

..........................................................


THE MOFFETT FIELD CLIMATE NORMALS FOR TODAY
                         NORMAL    RECORD    YEAR
 MAXIMUM TEMPERATURE (F)   69        88      2009
 MINIMUM TEMPERATURE (F)   50        40      1979


SUNRISE AND SUNSET
APRIL 19 2015.........SUNRISE   628 AM PDT   SUNSET   747 PM PDT
APRIL 20 2015.........SUNRISE   627 AM PDT   SUNSET   748 PM PDT


-  INDICATES NEGATIVE NUMBERS.
R  INDICATES RECORD WAS SET OR TIED.
MM INDICATES DATA IS MISSING.
T  INDICATES TRACE AMOUNT.




$$
