000
CDUS43 KOAX 272145
CLIOAX


CLIMATE REPORT
NATIONAL WEATHER SERVICE OMAHA NEBRASKA
434 PM CDT MON APR 27 2015


...................................

...THE VALLEY  NWS, NEBRASKA CLIMATE SUMMARY FOR APRIL 27 2015...
VALID TODAY AS OF 400 PM LOCAL TIME.

CLIMATE NORMAL PERIOD 1981 TO 2010
CLIMATE RECORD PERIOD 1997 TO 2015


WEATHER ITEM   OBSERVED TIME   NORMAL DEPARTURE LAST
                VALUE   (LST)  VALUE  FROM      YEAR
                                      NORMAL
......................................................
TEMPERATURE (F)
 TODAY
  MAXIMUM         68    256 PM  66      2       68
  MINIMUM         39    533 AM  44     -5       60
  AVERAGE         54            55     -1       64

PRECIPITATION (IN)
  TODAY            0.00          0.12  -0.12     0.55
  MONTH TO DATE    3.52          2.65   0.87     2.20
  SINCE MAR 1      4.18          4.65  -0.47     2.56
  SINCE JAN 1      5.75          6.36  -0.61     3.60

SNOWFALL (IN)
  TODAY            0.0                           0.0
  MONTH TO DATE    0.2                           0.9
  SINCE JUL 1     19.3                          18.2
  SNOW DEPTH       0

DEGREE DAYS
 HEATING
  TODAY           11            10      1        1
  MONTH TO DATE  315           410    -95      351
  SINCE MAR 1    967          1238   -271     1244
  SINCE JUL 1   5696          6069   -373     6304

 COOLING
  TODAY            0             0      0        0
  MONTH TO DATE    4             0      4        9
  SINCE MAR 1      4             0      4        9
  SINCE JAN 1      4             0      4        9
......................................................


WIND (MPH)
  HIGHEST WIND SPEED    MM   HIGHEST WIND DIRECTION    MM
  HIGHEST GUST SPEED    24   HIGHEST GUST DIRECTION    MM



WEATHER CONDITIONS
 THE FOLLOWING WEATHER WAS RECORDED TODAY.
  NO SIGNIFICANT WEATHER WAS OBSERVED.


..........................................................


THE VALLEY  NWS, NEBRASKA CLIMATE NORMALS FOR TOMORROW
                         NORMAL
 MAXIMUM TEMPERATURE (F)   66
 MINIMUM TEMPERATURE (F)   45


SUNRISE AND SUNSET
APRIL 27 2015.........SUNRISE   629 AM CDT   SUNSET   818 PM CDT
APRIL 28 2015.........SUNRISE   627 AM CDT   SUNSET   819 PM CDT


-  INDICATES NEGATIVE NUMBERS.
R  INDICATES RECORD WAS SET OR TIED.
MM INDICATES DATA IS MISSING.
T  INDICATES TRACE AMOUNT.




$$

KLISH
