000
CDUS43 KGID 260729
CLIODX


CLIMATE REPORT
NATIONAL WEATHER SERVICE HASTINGS NE
228 AM CDT SUN APR 26 2015


...................................

...THE ORD NE CLIMATE SUMMARY FOR APRIL 25 2015...

CLIMATE NORMAL PERIOD 1981 TO 2010
CLIMATE RECORD PERIOD 1895 TO 2015


WEATHER ITEM   OBSERVED TIME   NORMAL DEPARTURE LAST
                VALUE   (LST)  VALUE  FROM      YEAR
                                      NORMAL
......................................................
TEMPERATURE (F)
 YESTERDAY
  MAXIMUM         58   1247 AM  65     -7       77
  MINIMUM         44   1100 PM  39      5       32
  AVERAGE         51            52     -1       55

PRECIPITATION (IN)
  YESTERDAY        T             0.10  -0.10     0.00
  MONTH TO DATE    2.71          2.05   0.66     0.89
  SINCE MAR 1      2.74          3.50  -0.76     1.09
  SINCE JAN 1      3.48          4.31  -0.83     1.34

DEGREE DAYS
 HEATING
  YESTERDAY       14            13      1       10
  MONTH TO DATE  357           427    -70      421
  SINCE MAR 1   1083          1273   -190     1368
  SINCE JUL 1   6215          6290    -75     6521

 COOLING
  YESTERDAY        0             0      0        0
  MONTH TO DATE    4             0      4        1
  SINCE MAR 1      4             0      4        1
  SINCE JAN 1      4             0      4        1
......................................................


WIND (MPH)
  HIGHEST WIND SPEED    21   HIGHEST WIND DIRECTION    NW (310)
  HIGHEST GUST SPEED    27   HIGHEST GUST DIRECTION    SE (120)
  AVERAGE WIND SPEED     9.6


SKY COVER
  AVERAGE SKY COVER 0.8


WEATHER CONDITIONS
 THE FOLLOWING WEATHER WAS RECORDED YESTERDAY.
  FOG
  HAZE


RELATIVE HUMIDITY (PERCENT)
 HIGHEST    96           900 AM
 LOWEST     66           600 PM
 AVERAGE    81

..........................................................


THE ORD NE CLIMATE NORMALS FOR TODAY
                         NORMAL
 MAXIMUM TEMPERATURE (F)   65
 MINIMUM TEMPERATURE (F)   40


SUNRISE AND SUNSET
APRIL 26 2015.........SUNRISE   640 AM CDT   SUNSET   828 PM CDT
APRIL 27 2015.........SUNRISE   638 AM CDT   SUNSET   829 PM CDT


-  INDICATES NEGATIVE NUMBERS.
R  INDICATES RECORD WAS SET OR TIED.
MM INDICATES DATA IS MISSING.
T  INDICATES TRACE AMOUNT.




$$
