000
CDUS43 KOAX 060630
CLIOFK


CLIMATE REPORT
NATIONAL WEATHER SERVICE OMAHA NEBRASKA
129 AM CDT WED MAY 6 2015


...................................

...THE NORFOLK, NEBRASKA CLIMATE SUMMARY FOR MAY 5 2015...

CLIMATE NORMAL PERIOD 1981 TO 2010
CLIMATE RECORD PERIOD 1888 TO 2015


WEATHER ITEM   OBSERVED TIME   RECORD YEAR NORMAL DEPARTURE LAST
                VALUE   (LST)  VALUE       VALUE  FROM      YEAR
                                                  NORMAL
..................................................................
TEMPERATURE (F)
 YESTERDAY
  MAXIMUM         74    518 PM  96    1909  69      5       73
  MINIMUM         55    813 AM  28    1944  45     10       43
  AVERAGE         65                        57      8       58

PRECIPITATION (IN)
  YESTERDAY        0.23          2.10 1960   0.11   0.12     0.00
                                      1901
  MONTH TO DATE    0.33                      0.55  -0.22      T
  SINCE MAR 1      3.09                      4.97  -1.88     3.68
  SINCE JAN 1      3.97                      6.32  -2.35     4.24

SNOWFALL (IN)
  YESTERDAY        0.0                       0.0    0.0      0.0
  MONTH TO DATE    0.0                       0.1   -0.1      0.0
  SINCE JUL 1     20.7                      30.6   -9.9     19.9
  SNOW DEPTH       0

DEGREE DAYS
 HEATING
  YESTERDAY        0                         9     -9        7
  MONTH TO DATE    7                        48    -41       62
  SINCE MAR 1   1061                      1378   -317     1442
  SINCE JUL 1   6107                      6471   -364     6792

 COOLING
  YESTERDAY        0                         1     -1        0
  MONTH TO DATE   11                         5      6        0
  SINCE MAR 1     16                        17     -1        2
  SINCE JAN 1     16                        17     -1        2
..................................................................


WIND (MPH)
  HIGHEST WIND SPEED    21   HIGHEST WIND DIRECTION    SE (150)
  HIGHEST GUST SPEED    27   HIGHEST GUST DIRECTION    SE (150)
  AVERAGE WIND SPEED     9.6


SKY COVER
  POSSIBLE SUNSHINE  MM
  AVERAGE SKY COVER 0.7


WEATHER CONDITIONS
 THE FOLLOWING WEATHER WAS RECORDED YESTERDAY.
  HEAVY RAIN
  RAIN
  LIGHT RAIN
  FOG
  FOG W/VISIBILITY <= 1/4 MILE


RELATIVE HUMIDITY (PERCENT)
 HIGHEST   100           700 AM
 LOWEST     53           600 PM
 AVERAGE    77

..........................................................


THE NORFOLK, NEBRASKA CLIMATE NORMALS FOR TODAY
                         NORMAL    RECORD    YEAR
 MAXIMUM TEMPERATURE (F)   69       101      1934
 MINIMUM TEMPERATURE (F)   45        22      1944


SUNRISE AND SUNSET
MAY  6 2015...........SUNRISE   620 AM CDT   SUNSET   834 PM CDT
MAY  7 2015...........SUNRISE   618 AM CDT   SUNSET   835 PM CDT


-  INDICATES NEGATIVE NUMBERS.
R  INDICATES RECORD WAS SET OR TIED.
MM INDICATES DATA IS MISSING.
T  INDICATES TRACE AMOUNT.




$$
