000
CDUS42 KCAE 202125
CLIOGB


CLIMATE REPORT
NATIONAL WEATHER SERVICE COLUMBIA SC
524 PM EDT MON APR 20 2015


...................................

...THE ORANGEBURG AIRPORT SC CLIMATE SUMMARY FOR APRIL 20 2015...
VALID TODAY AS OF 0500 PM LOCAL TIME.

CLIMATE NORMAL PERIOD 1981 TO 2010
CLIMATE RECORD PERIOD 9999 TO 9999


WEATHER ITEM   OBSERVED TIME   NORMAL DEPARTURE LAST
                VALUE   (LST)  VALUE  FROM      YEAR
                                      NORMAL
......................................................
TEMPERATURE (F)
 TODAY
  MAXIMUM         75   1053 AM  78     -3       69
  MINIMUM         64    115 AM  51     13       50
  AVERAGE         70            64      6       60

PRECIPITATION (IN)
  TODAY            0.00          0.10  -0.10     0.05
  MONTH TO DATE    2.69          2.06   0.63     3.43
  SINCE MAR 1      5.66          6.04  -0.38     6.30
  SINCE JAN 1     12.51         13.61  -1.10    12.22

DEGREE DAYS
 HEATING
  TODAY            0             3     -3        5
  MONTH TO DATE   18            88    -70       77
  SINCE MAR 1    226           365   -139      463
  SINCE JUL 1   2300          2297      3     2327

 COOLING
  TODAY            5             2      3        0
  MONTH TO DATE   84            35     49       31
  SINCE MAR 1    110            52     58       33
  SINCE JAN 1    110            55     55       39
......................................................


WIND (MPH)
  HIGHEST WIND SPEED    18   HIGHEST WIND DIRECTION    SW (210)
  HIGHEST GUST SPEED    25   HIGHEST GUST DIRECTION     S (200)
  AVERAGE WIND SPEED     9.6


SKY COVER
  AVERAGE SKY COVER 0.7


WEATHER CONDITIONS
 THE FOLLOWING WEATHER WAS RECORDED TODAY.
  NO SIGNIFICANT WEATHER WAS OBSERVED.


RELATIVE HUMIDITY (PERCENT)
 HIGHEST    93          1200 AM
 LOWEST     68          1200 PM

..........................................................


THE ORANGEBURG AIRPORT SC CLIMATE NORMALS FOR TOMORROW
                         NORMAL
 MAXIMUM TEMPERATURE (F)   78
 MINIMUM TEMPERATURE (F)   52


SUNRISE AND SUNSET
APRIL 20 2015.........SUNRISE   647 AM EDT   SUNSET   758 PM EDT
APRIL 21 2015.........SUNRISE   646 AM EDT   SUNSET   759 PM EDT


-  INDICATES NEGATIVE NUMBERS.
R  INDICATES RECORD WAS SET OR TIED.
MM INDICATES DATA IS MISSING.
T  INDICATES TRACE AMOUNT.




$$
