000
CDUS46 KSGX 181418
CLIOKB


CLIMATE REPORT
NATIONAL WEATHER SERVICE SAN DIEGO, CA
717 AM PDT SAT APR 18 2015


...................................

...THE OCEANSIDE AIRPORT CA CLIMATE SUMMARY FOR APRIL 17 2015...

CLIMATE NORMAL PERIOD 1981 TO 2010
CLIMATE RECORD PERIOD 1999 TO 2015


WEATHER ITEM   OBSERVED TIME   RECORD YEAR NORMAL DEPARTURE LAST
                VALUE   (LST)  VALUE       VALUE  FROM      YEAR
                                                  NORMAL
..................................................................
TEMPERATURE (F)
 YESTERDAY
  MAXIMUM         77   1132 AM  78    2008  68      9       67
  MINIMUM         43    404 AM  38    2013  49     -6       58
                                      2009
  AVERAGE         60                        59      1       63

PRECIPITATION (IN)
  YESTERDAY        0.00          0.14 2004   0.04  -0.04     0.00
  MONTH TO DATE    T                         0.58  -0.58     0.30
  SINCE OCT 1      5.88                     12.39  -6.51     4.16
  SINCE JAN 1      1.48                      8.51  -7.03     2.57

SNOWFALL (IN)
  YESTERDAY       MM
  MONTH TO DATE    0.0
  SINCE MAR 1      0.0
  SINCE JUL 1      0.0
  SNOW DEPTH       0

DEGREE DAYS
 HEATING
  YESTERDAY        5                         6     -1        2
  MONTH TO DATE   90                       123    -33      102
  SINCE MAR 1    214                       413   -199      270
  SINCE JUL 1   1088                      1821   -733     1442

 COOLING
  YESTERDAY        0                         0      0        0
  MONTH TO DATE    0                         0      0        2
  SINCE MAR 1     31                         1     30        4
  SINCE JAN 1     31                         1     30        4
..................................................................


WIND (MPH)
  RESULTANT WIND SPEED   3   RESULTANT WIND DIRECTION   W (290)
  HIGHEST WIND SPEED    23   HIGHEST WIND DIRECTION     W (290)
  HIGHEST GUST SPEED    32   HIGHEST GUST DIRECTION     W (290)
  AVERAGE WIND SPEED     5.5


SKY COVER
  POSSIBLE SUNSHINE  MM
  AVERAGE SKY COVER 0.0


WEATHER CONDITIONS
 THE FOLLOWING WEATHER WAS RECORDED YESTERDAY.
  LIGHT RAIN


RELATIVE HUMIDITY (PERCENT)
 HIGHEST    63          1100 PM
 LOWEST     15           500 PM
 AVERAGE    39

..........................................................


THE OCEANSIDE AIRPORT CA CLIMATE NORMALS FOR TODAY
                         NORMAL    RECORD    YEAR
 MAXIMUM TEMPERATURE (F)   68        81      2013
 MINIMUM TEMPERATURE (F)   50        40      2009


SUNRISE AND SUNSET
APRIL 18 2015.........SUNRISE   616 AM PDT   SUNSET   722 PM PDT
APRIL 19 2015.........SUNRISE   615 AM PDT   SUNSET   723 PM PDT


-  INDICATES NEGATIVE NUMBERS.
R  INDICATES RECORD WAS SET OR TIED.
MM INDICATES DATA IS MISSING.
T  INDICATES TRACE AMOUNT.




$$
