000
CDUS44 KOUN 190630
CLIOKC

CLIMATE REPORT
NATIONAL WEATHER SERVICE NORMAN OK
129 AM CDT SUN APR 19 2015


...................................

...THE OKLAHOMA CITY CLIMATE SUMMARY FOR APRIL 18 2015...

CLIMATE NORMAL PERIOD 1981 TO 2010
CLIMATE RECORD PERIOD 1890 TO 2015


WEATHER ITEM   OBSERVED TIME   RECORD YEAR NORMAL DEPARTURE LAST
                VALUE   (LST)  VALUE       VALUE  FROM      YEAR
                                                  NORMAL
..................................................................
TEMPERATURE (F)
 YESTERDAY
  MAXIMUM         78    329 PM  96    1925  73      5       76
  MINIMUM         56    643 AM  30    1953  50      6       42
  AVERAGE         67                        62      5       59

PRECIPITATION (IN)
  YESTERDAY        0.24          2.97 1942   0.10   0.14     0.00
  MONTH TO DATE    1.85                      1.63   0.22     0.57
  SINCE JAN 1      6.68                      7.66  -0.98     2.26

SNOWFALL (IN)
  YESTERDAY        0.0           0.0    MM   0.0    0.0      0.0
  MONTH TO DATE    0.0                       0.0    0.0       T
  SINCE JUL 1     13.6                       7.6    6.0     10.2
  SNOW DEPTH       0

DEGREE DAYS
 HEATING
  YESTERDAY        0                         5     -5        6
  MONTH TO DATE   60                       128    -68      135
  SINCE JUL 1   3191                      3287    -96     3737

 COOLING
  YESTERDAY        2                         2      0        0
  MONTH TO DATE   47                        24     23       26
  SINCE JAN 1     57                        37     20       37
..................................................................


WIND (MPH)
  HIGHEST WIND SPEED    36   HIGHEST WIND DIRECTION    SW (210)
  HIGHEST GUST SPEED    46   HIGHEST GUST DIRECTION    SW (210)
  AVERAGE WIND SPEED     7.3


SKY COVER
  AVERAGE SKY COVER 0.8


WEATHER CONDITIONS
 THE FOLLOWING WEATHER WAS RECORDED YESTERDAY.
  THUNDERSTORM
  RAIN
  LIGHT RAIN
  HAIL


RELATIVE HUMIDITY (PERCENT)
 HIGHEST    86           700 AM
 LOWEST     50           300 PM
 AVERAGE    68

..........................................................


THE OKLAHOMA CITY CLIMATE NORMALS FOR TODAY
                         NORMAL    RECORD    YEAR
 MAXIMUM TEMPERATURE (F)   73        94      1987
 MINIMUM TEMPERATURE (F)   51        33      2013


SUNRISE AND SUNSET
APRIL 19 2015.........SUNRISE   653 AM CDT   SUNSET   806 PM CDT
APRIL 20 2015.........SUNRISE   652 AM CDT   SUNSET   807 PM CDT


-  INDICATES NEGATIVE NUMBERS.
R  INDICATES RECORD WAS SET OR TIED.
MM INDICATES DATA IS MISSING.
T  INDICATES TRACE AMOUNT.




$$
