000
CDUS43 KOAX 041021 CCA
CLIOMA

CLIMATE REPORT...CORRECTION
NATIONAL WEATHER SERVICE OMAHA NEBRASKA
146 AM CDT MON MAY 4 2015

...CORRECTED PRECIPITATION FOR YESTERDAY FROM 0.37 TO 0.36...


...................................

...THE OMAHA EPPLEY, NEBRASKA CLIMATE SUMMARY FOR MAY 3 2015...

CLIMATE NORMAL PERIOD 1981 TO 2010
CLIMATE RECORD PERIOD 1871 TO 2015


WEATHER ITEM   OBSERVED TIME   RECORD YEAR NORMAL DEPARTURE LAST
                VALUE   (LST)  VALUE       VALUE  FROM      YEAR
                                                  NORMAL
..................................................................
TEMPERATURE (F)
 YESTERDAY
  MAXIMUM         82    416 PM  92    1949  70     12       74
  MINIMUM         60    523 AM  26    1907  47     13       45
  AVERAGE         71                        58     13       60

PRECIPITATION (IN)
  YESTERDAY        0.36          1.92 1981   0.13   0.23     0.00
  MONTH TO DATE    0.91                      0.39   0.52     0.01
  SINCE MAR 1      5.12                      5.34  -0.22     2.84
  SINCE JAN 1      6.26                      6.91  -0.65     3.70

SNOWFALL (IN)
  YESTERDAY        0.0                       0.0    0.0      0.0
  MONTH TO DATE    0.0                       0.0    0.0      0.0
  SINCE JUL 1     13.8                      26.4  -12.6     17.8
  SNOW DEPTH       0

DEGREE DAYS
 HEATING
  YESTERDAY        0                         8     -8        5
  MONTH TO DATE    6                        24    -18       32
  SINCE MAR 1    977                      1228   -251     1314
  SINCE JUL 1   5688                      6026   -338     6419

 COOLING
  YESTERDAY        6                         1      5        0
  MONTH TO DATE    6                         3      3        0
  SINCE MAR 1     11                        19     -8       15
  SINCE JAN 1     11                        19     -8       15
..................................................................


WIND (MPH)
  HIGHEST WIND SPEED    20   HIGHEST WIND DIRECTION    NW (320)
  HIGHEST GUST SPEED    26   HIGHEST GUST DIRECTION    SE (150)
  AVERAGE WIND SPEED    11.7


SKY COVER
  POSSIBLE SUNSHINE  MM
  AVERAGE SKY COVER 0.8


WEATHER CONDITIONS
 THE FOLLOWING WEATHER WAS RECORDED YESTERDAY.
  THUNDERSTORM
  RAIN
  LIGHT RAIN


RELATIVE HUMIDITY (PERCENT)
 HIGHEST    97           100 AM
 LOWEST     49           100 PM
 AVERAGE    73

..........................................................


THE OMAHA EPPLEY, NEBRASKA CLIMATE NORMALS FOR TODAY
                         NORMAL    RECORD    YEAR
 MAXIMUM TEMPERATURE (F)   70        93      1952
 MINIMUM TEMPERATURE (F)   47        30      2005
                                             1944


SUNRISE AND SUNSET
MAY  4 2015...........SUNRISE   617 AM CDT   SUNSET   824 PM CDT
MAY  5 2015...........SUNRISE   616 AM CDT   SUNSET   825 PM CDT


-  INDICATES NEGATIVE NUMBERS.
R  INDICATES RECORD WAS SET OR TIED.
MM INDICATES DATA IS MISSING.
T  INDICATES TRACE AMOUNT.




$$

COR BY KLISH
