000
CDAK49 PAOM 271030
CLIOME

CLIMATE REPORT
NATIONAL WEATHER SERVICE NOME, AK
230 AM AKDT MON APR 27 2015

...................................
...THE NOME WSO AP CLIMATE SUMMARY FOR APRIL 26 2015...

CLIMATE NORMAL PERIOD  1981 TO  2010
CLIMATE RECORD PERIOD  1906 TO  2015

WEATHER ITEM   OBSERVED TIME    RECORD YEAR NORMAL DEPARTURE LAST
               VALUE    (LST)   VALUE       VALUE  FROM      YEAR
                                                   NORMAL
...................................................................
TEMPERATURE
YESTERDAY
 MAXIMUM            38  0632 PM    52  1940     33       5     49
 MINIMUM            22  0625 AM   -15  1964     20       2     35
 AVERAGE            30                          27       3     42

PRECIPITATION
(INCHES)
 YESTERDAY        0.00           0.22  1937   0.03   -0.03   0.00
 MONTH TO DATE    0.61                        0.65   -0.04   0.27
 SINCE MAR 1      1.31                        1.30    0.01   0.80
 SINCE JAN 1      2.95                        3.17   -0.22   2.97

SNOWFALL
(INCHES)
 YESTERDAY         0.0            2.2  1937    0.2    -0.2    0.0
 MONTH TO DATE     7.6                         6.8     0.8    2.5
 SINCE MAR 1      16.4                        15.7     0.7   14.8
 SINCE JUL 1      59.7                        72.4   -12.7   69.1
 SNOW DEPTH (IN)     5                                          T

DEGREE DAYS
 HEATING
  YESTERDAY         35                          38      -3     23
  MONTH TO DATE   1174                        1187     -13    971
  SINCE MAR 1     2981                        2883      98   2598
  SINCE JUL 1    11145                       12165   -1020  10752

 COOLING
  YESTERDAY          0                           0       0      0
  MONTH TO DATE      0                           0       0      0
  SINCE MAR 1        0                           0       0      0
  SINCE JAN 1        0                           0       0      0
...................................................................

WIND (MPH)
 HIGHEST WIND SPEED     8     HIGHEST WIND DIRECTION    270
 HIGHEST GUST SPEED    10     HIGHEST GUST DIRECTION    280
 AVERAGE WIND SPEED   2.4

SKY COVER
  POSSIBLE SUNSHINE    MM          AVERAGE SKY COVER     MM

WEATHER CONDITIONS
 THE FOLLOWING WEATHER WAS RECORDED YESTERDAY.
  NO SIGNIFICANT WEATHER WAS OBSERVED.

RELATIVE HUMIDITY
 HIGHEST RH     MM PERCENT       MM
 LOWEST  RH     MM PERCENT       MM
 AVERAGE RH     MM PERCENT       MM
...................................................................

THE NOME CLIMATE NORMALS FOR TODAY
                           NORMAL    RECORD   YEAR
 MAXIMUM TEMPERATURE (F)     33        60     1940
 MINIMUM TEMPERATURE (F)     21       -15     1964

SUNRISE AND SUNSET
 APR 27 2015..........SUNRISE  6:46 AM      SUNSET 11:16 PM
 APR 28 2015..........SUNRISE  6:42 AM      SUNSET 11:20 PM

-  INDICATES NEGATIVE NUMBERS.
R  INDICATES RECORD HAS BEEN SET OR TIED.
MM INDICATES DATA IS MISSING.
T  INDICATES TRACE OF PRECIPITATION.

&&
-------------------------------------------------------------------

AMOUNT OF DAYLIGHT TODAY  (HOUR:MIN)........16 HOURS 30 MINUTES
GAIN/LOSS SINCE YESTERDAY (HOUR:MIN:SEC)....+0:06:49

NOME TIDAL INFORMATION FOR 27 APRIL 2015
1213AM  +1.0
0635AM  +0.1
0150PM  +1.4
0822PM  +0.7

$$

CKC APR 15
