000
CDUS46 KSGX 180016
CLIONT


CLIMATE REPORT
NATIONAL WEATHER SERVICE SAN DIEGO, CA
516 PM PDT FRI APR 17 2015


...................................

...THE ONTARIO INTL AIRPORT CA CLIMATE SUMMARY FOR APRIL 17 2015...
VALID TODAY AS OF 0500 PM LOCAL TIME.

CLIMATE NORMAL PERIOD 1981 TO 2010
CLIMATE RECORD PERIOD 1998 TO 2015


WEATHER ITEM   OBSERVED TIME   RECORD YEAR NORMAL DEPARTURE LAST
                VALUE   (LST)  VALUE       VALUE  FROM      YEAR
                                                  NORMAL
..................................................................
TEMPERATURE (F)
 TODAY
  MAXIMUM         85    232 PM  92    1999  74     11       77
  MINIMUM         53    527 AM  43    2013  51      2       54
  AVERAGE         69                        62      7       66

PRECIPITATION (IN)
  TODAY            0.00          0.16 2004   0.04  -0.04     0.00
  MONTH TO DATE    0.08                      0.53  -0.45     0.28
  SINCE OCT 1      8.51                     13.72  -5.21     3.83
  SINCE JAN 1      2.87                      9.55  -6.68     2.95

SNOWFALL (IN)
  TODAY            0.0
  MONTH TO DATE    0.0
  SINCE MAR 1      0.0
  SINCE JUL 1      0.0
  SNOW DEPTH       0

DEGREE DAYS
 HEATING
  TODAY            0                         4     -4        0
  MONTH TO DATE   31                        81    -50       44
  SINCE MAR 1     88                       293   -205      117
  SINCE JUL 1    688                      1450   -762      803

 COOLING
  TODAY            4                         1      3        1
  MONTH TO DATE   25                        16      9       57
  SINCE MAR 1    144                        28    116       89
  SINCE JAN 1    174                        34    140      119
..................................................................


WIND (MPH)
  RESULTANT WIND SPEED   3   RESULTANT WIND DIRECTION   W (260)
  HIGHEST WIND SPEED    21   HIGHEST WIND DIRECTION     W (280)
  HIGHEST GUST SPEED    27   HIGHEST GUST DIRECTION     W (250)
  AVERAGE WIND SPEED     5.2


SKY COVER
  POSSIBLE SUNSHINE  MM
  AVERAGE SKY COVER 0.0


WEATHER CONDITIONS
 THE FOLLOWING WEATHER WAS RECORDED TODAY.
  NO SIGNIFICANT WEATHER WAS OBSERVED.


RELATIVE HUMIDITY (PERCENT)
 HIGHEST    32           500 AM
 LOWEST      8           200 PM
 AVERAGE    20

..........................................................


THE ONTARIO INTL AIRPORT CA CLIMATE NORMALS FOR TOMORROW
                         NORMAL    RECORD    YEAR
 MAXIMUM TEMPERATURE (F)   74        92      1999
 MINIMUM TEMPERATURE (F)   51        45      2006


SUNRISE AND SUNSET
APRIL 17 2015.........SUNRISE   617 AM PDT   SUNSET   723 PM PDT
APRIL 18 2015.........SUNRISE   616 AM PDT   SUNSET   724 PM PDT


-  INDICATES NEGATIVE NUMBERS.
R  INDICATES RECORD WAS SET OR TIED.
MM INDICATES DATA IS MISSING.
T  INDICATES TRACE AMOUNT.




$$
