000
CDUS46 KMFR 280840
CLIOTH


CLIMATE REPORT
NATIONAL WEATHER SERVICE MEDFORD, OR
140 AM PDT TUE APR 28 2015


...................................

...THE NORTH BEND OR CLIMATE SUMMARY FOR APRIL 27 2015...

CLIMATE NORMAL PERIOD 1981 TO 2010
CLIMATE RECORD PERIOD 1902 TO 2015


WEATHER ITEM   OBSERVED TIME   RECORD YEAR NORMAL DEPARTURE LAST
                VALUE   (LST)  VALUE       VALUE  FROM      YEAR
                                                  NORMAL
..................................................................
TEMPERATURE (F)
 YESTERDAY
  MAXIMUM         79        MM  88    1935  57     22       55
  MINIMUM         46        MM  31    1948  44      2       45
  AVERAGE         63                        50     13       50

PRECIPITATION (IN)
  YESTERDAY        0.00          1.35 1990   0.14  -0.14     0.19
  MONTH TO DATE    3.06                      4.79  -1.73     3.55
  SINCE OCT 1     41.92                     56.49 -14.57    25.24
  SINCE JAN 1     18.62                     30.40 -11.78    19.62

SNOWFALL (IN)
  YESTERDAY       MM
  SNOW DEPTH      MM

DEGREE DAYS
 HEATING
  YESTERDAY        2                        15    -13       15
  MONTH TO DATE  408                       433    -25      382
  SINCE MAR 1    811                       971   -160      818
  SINCE JUL 1   2915                      4145  -1230     3615

 COOLING
  YESTERDAY        0                         0      0        0
  MONTH TO DATE    0                         0      0        0
  SINCE MAR 1      0                         0      0        0
  SINCE JAN 1      0                         0      0        0
..................................................................


WIND (MPH)
  HIGHEST WIND SPEED    15   HIGHEST WIND DIRECTION     W (270)
  HIGHEST GUST SPEED    16   HIGHEST GUST DIRECTION     W (250)
  AVERAGE WIND SPEED     5.2


SKY COVER
  POSSIBLE SUNSHINE  MM
  AVERAGE SKY COVER 0.2


WEATHER CONDITIONS
 THE FOLLOWING WEATHER WAS RECORDED YESTERDAY.
  NO SIGNIFICANT WEATHER WAS OBSERVED.


RELATIVE HUMIDITY (PERCENT)
 HIGHEST   100          1200 AM
 LOWEST     42          1200 PM

..........................................................


THE NORTH BEND OR CLIMATE NORMALS FOR TODAY
                         NORMAL    RECORD    YEAR
 MAXIMUM TEMPERATURE (F)   57        76      1992
 MINIMUM TEMPERATURE (F)   44        29      1913


SUNRISE AND SUNSET
APRIL 28 2015.........SUNRISE   614 AM PDT   SUNSET   815 PM PDT
APRIL 29 2015.........SUNRISE   613 AM PDT   SUNSET   816 PM PDT


-  INDICATES NEGATIVE NUMBERS.
R  INDICATES RECORD WAS SET OR TIED.
MM INDICATES DATA IS MISSING.
T  INDICATES TRACE AMOUNT.




$$
