000
CDAK49 PAOT 280914
CLIOTZ

CLIMATE REPORT
NATIONAL WEATHER SERVICE KOTZEBUE, AK
114 AM AKDT TUE APR 28 2015

...................................
...THE KOTZEBUE WSO AP CLIMATE SUMMARY FOR APRIL 27 2015...

CLIMATE NORMAL PERIOD  1981 TO  2010
CLIMATE RECORD PERIOD  1897 TO  2015

WEATHER ITEM   OBSERVED TIME    RECORD YEAR NORMAL DEPARTURE LAST
               VALUE    (LST)   VALUE       VALUE  FROM      YEAR
                                                   NORMAL
...................................................................
TEMPERATURE
YESTERDAY
 MAXIMUM            27  0702 PM    48  1988     29      -2     38
 MINIMUM            11  0630 AM   -17  1973     14      -3     27
 AVERAGE            19                          21      -2     33

PRECIPITATION
(INCHES)
 YESTERDAY        0.00           0.44  1998   0.02   -0.02   0.00
 MONTH TO DATE    0.55                        0.48    0.07   0.19
 SINCE MAR 1      1.08                        0.92    0.16   0.53
 SINCE JAN 1      1.93                        2.20   -0.27   1.25

SNOWFALL
(INCHES)
 YESTERDAY         0.0            4.4  1998    0.1    -0.1    0.0
 MONTH TO DATE     3.9                         4.7    -0.8    0.4
 SINCE MAR 1       9.4                        10.6    -1.2    7.2
 SINCE JUL 1      24.7                        58.2   -33.5   32.2
 SNOW DEPTH (IN)     3                                          T

DEGREE DAYS
 HEATING
  YESTERDAY         46                          44       2     32
  MONTH TO DATE   1316                        1424    -108   1192
  SINCE MAR 1     3393                        3411     -18   2957
  SINCE JUL 1    12244                       13653   -1409  11908

 COOLING
  YESTERDAY          0                           0       0      0
  MONTH TO DATE      0                           0       0      0
  SINCE MAR 1        0                           0       0      0
  SINCE JAN 1        0                           0       0      0
...................................................................

WIND (MPH)
 HIGHEST WIND SPEED     8     HIGHEST WIND DIRECTION    240
 HIGHEST GUST SPEED    10     HIGHEST GUST DIRECTION    230
 AVERAGE WIND SPEED   3.9

SKY COVER
  POSSIBLE SUNSHINE    MM          AVERAGE SKY COVER     MM

WEATHER CONDITIONS
 THE FOLLOWING WEATHER WAS RECORDED YESTERDAY.
 FOG


RELATIVE HUMIDITY
 HIGHEST RH     MM PERCENT       MM
 LOWEST  RH     MM PERCENT       MM
 AVERAGE RH     MM PERCENT       MM
...................................................................

THE KOTZEBUE CLIMATE NORMALS FOR TODAY
                           NORMAL    RECORD   YEAR
 MAXIMUM TEMPERATURE (F)     29        45     2014
 MINIMUM TEMPERATURE (F)     15       -17     1964

SUNRISE AND SUNSET
 APR 28 2015..........SUNRISE  6:12 AM      SUNSET 11:27 PM
 APR 29 2015..........SUNRISE  6:08 AM      SUNSET 11:31 PM

-  INDICATES NEGATIVE NUMBERS.
R  INDICATES RECORD HAS BEEN SET OR TIED.
MM INDICATES DATA IS MISSING.
T  INDICATES TRACE OF PRECIPITATION.

&&
-------------------------------------------------------------------

AMOUNT OF DAYLIGHT TODAY  (HOUR:MIN)........17 HOURS 15 MINUTES
GAIN/LOSS SINCE YESTERDAY (HOUR:MIN:SEC)....+0:08:05

$$


APR 15
