000
CDUS43 KDDC 032326
CLIP28


CLIMATE REPORT
NATIONAL WEATHER SERVICE DODGE CITY KS
626 PM CDT SUN MAY 3 2015


...................................

...THE MEDICINE LODGE KS CLIMATE SUMMARY FOR MAY 3 2015...
VALID TODAY AS OF 0500 PM LOCAL TIME.

CLIMATE NORMAL PERIOD 1981 TO 2010
CLIMATE RECORD PERIOD 1893 TO 2015


WEATHER ITEM   OBSERVED TIME   RECORD YEAR NORMAL DEPARTURE LAST
                VALUE   (LST)  VALUE       VALUE  FROM      YEAR
                                                  NORMAL
..................................................................
TEMPERATURE (F)
 TODAY
  MAXIMUM         86    343 PM 101    1950  74     12       93
  MINIMUM         61    543 AM  28    1954  50     11       42
  AVERAGE         74                        62     12       68

PRECIPITATION (IN)
  TODAY            0.00          2.25 1991   0.11  -0.11     0.00
  MONTH TO DATE    0.00                      0.32  -0.32     0.00
  SINCE MAR 1      3.86                      5.01  -1.15     1.12
  SINCE JAN 1      5.17                      6.76  -1.59     2.07

DEGREE DAYS
 HEATING
  TODAY            0                         4     -4        0
  MONTH TO DATE    0                        14    -14       22
  SINCE MAR 1    643                       870   -227     1010
  SINCE JUL 1   4217                      4399   -182     4961

 COOLING
  TODAY            9                         2      7        3
  MONTH TO DATE   16                         5     11        3
  SINCE MAR 1     48                        29     19       32
  SINCE JAN 1     48                        29     19       32
..................................................................


WIND (MPH)
  HIGHEST WIND SPEED    24   HIGHEST WIND DIRECTION     S (190)
  HIGHEST GUST SPEED    30   HIGHEST GUST DIRECTION     S (180)
  AVERAGE WIND SPEED    11.1




RELATIVE HUMIDITY (PERCENT)
 HIGHEST    78           200 AM
 LOWEST     37           300 PM
 AVERAGE    58

..........................................................


THE MEDICINE LODGE KS CLIMATE NORMALS FOR TOMORROW
                         NORMAL    RECORD    YEAR
 MAXIMUM TEMPERATURE (F)   75       103      2014
 MINIMUM TEMPERATURE (F)   51        32      2013


SUNRISE AND SUNSET
MAY  3 2015...........SUNRISE   637 AM CDT   SUNSET   825 PM CDT
MAY  4 2015...........SUNRISE   636 AM CDT   SUNSET   826 PM CDT


-  INDICATES NEGATIVE NUMBERS.
R  INDICATES RECORD WAS SET OR TIED.
MM INDICATES DATA IS MISSING.
T  INDICATES TRACE AMOUNT.




$$
