000
CDUS44 KLZK 060905
CLIPBF


CLIMATE REPORT
NATIONAL WEATHER SERVICE LITTLE ROCK AR
404 AM CDT WED MAY 6 2015


...................................

...THE PINE BLUFF CLIMATE SUMMARY FOR MAY 5 2015...

CLIMATE NORMAL PERIOD 1981 TO 2010
CLIMATE RECORD PERIOD 1883 TO 2015


WEATHER ITEM   OBSERVED TIME   RECORD YEAR NORMAL DEPARTURE LAST
                VALUE   (LST)  VALUE       VALUE  FROM      YEAR
                                                  NORMAL
..................................................................
TEMPERATURE (F)
 YESTERDAY
  MAXIMUM         85    342 PM  94    1943  79      6       85
  MINIMUM         64   1152 PM  41    2013  58      6       58
  AVERAGE         75                        68      7       72

PRECIPITATION (IN)
  YESTERDAY        0.00          6.80 1905   0.18  -0.18     0.00
  MONTH TO DATE    0.00                      0.88  -0.88      T
  SINCE MAR 1     15.71                     11.21   4.50     9.69
  SINCE JAN 1     22.64                     19.03   3.61    15.12

SNOWFALL (IN)
  YESTERDAY        0.0          MM      MM   0.0    0.0      0.0
  MONTH TO DATE    0.0                       0.0    0.0      0.0
  SINCE MAR 1      2.0                       0.0    2.0       T
  SINCE JUL 1      9.2                       3.1    6.1      3.7
  SNOW DEPTH       0

DEGREE DAYS
 HEATING
  YESTERDAY        0                         1     -1        0
  MONTH TO DATE    5                         6     -1       15
  SINCE MAR 1    507                       482     25      653
  SINCE JUL 1   3241                      2870    371     3422

 COOLING
  YESTERDAY       10                         5      5        7
  MONTH TO DATE   21                        21      0       14
  SINCE MAR 1    106                       105      1       68
  SINCE JAN 1    106                       108     -2       68
..................................................................


WIND (MPH)
  HIGHEST WIND SPEED    21   HIGHEST WIND DIRECTION     S (170)
  HIGHEST GUST SPEED    29   HIGHEST GUST DIRECTION     S (170)
  AVERAGE WIND SPEED     9.0


SKY COVER
  POSSIBLE SUNSHINE  MM
  AVERAGE SKY COVER 0.2


WEATHER CONDITIONS
 THE FOLLOWING WEATHER WAS RECORDED YESTERDAY.
  HAZE


RELATIVE HUMIDITY (PERCENT)
 HIGHEST    93           600 AM
 LOWEST     34           100 PM
 AVERAGE    64

..........................................................


THE PINE BLUFF CLIMATE NORMALS FOR TODAY
                         NORMAL    RECORD    YEAR
 MAXIMUM TEMPERATURE (F)   79        94      1952
 MINIMUM TEMPERATURE (F)   58        42      1890


SUNRISE AND SUNSET
MAY  6 2015...........SUNRISE   614 AM CDT   SUNSET   756 PM CDT
MAY  7 2015...........SUNRISE   613 AM CDT   SUNSET   756 PM CDT


-  INDICATES NEGATIVE NUMBERS.
R  INDICATES RECORD WAS SET OR TIED.
MM INDICATES DATA IS MISSING.
T  INDICATES TRACE AMOUNT.




$$
