000
CDUS42 KMFL 280843
CLIPBI


CLIMATE REPORT
NATIONAL WEATHER SERVICE MIAMI, FL
442 AM EDT TUE APR 28 2015


...................................

...THE WEST PALM BEACH CLIMATE SUMMARY FOR APRIL 27 2015...

CLIMATE NORMAL PERIOD 1981 TO 2010
CLIMATE RECORD PERIOD 1888 TO 2015


WEATHER ITEM   OBSERVED TIME   RECORD YEAR NORMAL DEPARTURE LAST
                VALUE   (LST)  VALUE       VALUE  FROM      YEAR
                                                  NORMAL
..................................................................
TEMPERATURE (F)
 YESTERDAY
  MAXIMUM         93    405 PM  96    1945  83     10       89
  MINIMUM         73    718 PM  53    1903  68      5       71
  AVERAGE         83                        75      8       80

PRECIPITATION (IN)
  YESTERDAY        1.20          1.40 1995   0.11   1.09     0.00
  MONTH TO DATE    6.36                      3.38   2.98     1.04
  SINCE NOV 1     14.20                     22.05  -7.85    22.04
  SINCE JAN 1     10.50                     13.92  -3.42    14.92

SNOWFALL (IN)
  YESTERDAY        0.0
  MONTH TO DATE    0.0
  SINCE MAR 1      0.0
  SINCE JUL 1      0.0
  SNOW DEPTH       0

DEGREE DAYS
 HEATING
  YESTERDAY        0                         0      0        0
  MONTH TO DATE    0                         0      0        0
  SINCE MAR 1      2                        24    -22        7
  SINCE JUL 1    126                       229   -103      122

 COOLING
  YESTERDAY       18                        10      8       15
  MONTH TO DATE  399                       233    166      285
  SINCE MAR 1    752                       426    326      487
  SINCE JAN 1   1030                       661    369      833
..................................................................


WIND (MPH)
  HIGHEST WIND SPEED    25   HIGHEST WIND DIRECTION    SE (140)
  HIGHEST GUST SPEED    30   HIGHEST GUST DIRECTION    SE (130)
  AVERAGE WIND SPEED     9.2


SKY COVER
  AVERAGE SKY COVER 0.6


WEATHER CONDITIONS
 THE FOLLOWING WEATHER WAS RECORDED YESTERDAY.
  THUNDERSTORM
  HEAVY RAIN
  RAIN
  LIGHT RAIN
  FOG


RELATIVE HUMIDITY (PERCENT)
 HIGHEST    94
 LOWEST     44
 AVERAGE    69

..........................................................


THE WEST PALM BEACH CLIMATE NORMALS FOR TODAY
                         NORMAL    RECORD    YEAR
 MAXIMUM TEMPERATURE (F)   83        92      1965
                                             1939
                                             1920
 MINIMUM TEMPERATURE (F)   68        51      1913
                                             1898


SUNRISE AND SUNSET
APRIL 28 2015.........SUNRISE   645 AM EDT   SUNSET   751 PM EDT
APRIL 29 2015.........SUNRISE   644 AM EDT   SUNSET   752 PM EDT


-  INDICATES NEGATIVE NUMBERS.
R  INDICATES RECORD WAS SET OR TIED.
MM INDICATES DATA IS MISSING.
T  INDICATES TRACE AMOUNT.




$$
