000
CDUS46 KPDT 210903
CLIPDT

CLIMATE REPORT
NATIONAL WEATHER SERVICE PENDLETON OR
203 AM PDT TUE APR 21 2015


...................................

...THE PENDLETON OR CLIMATE SUMMARY FOR APRIL 20 2015...

CLIMATE NORMAL PERIOD 1981 TO 2010
CLIMATE RECORD PERIOD 1890 TO 2015


WEATHER ITEM   OBSERVED TIME   RECORD YEAR NORMAL DEPARTURE LAST
                VALUE   (LST)  VALUE       VALUE  FROM      YEAR
                                                  NORMAL
..................................................................
TEMPERATURE (F)
 YESTERDAY
  MAXIMUM         75    348 PM  92    1934  63     12       66
  MINIMUM         41    332 AM  18    1927  40      1       37
  AVERAGE         58                        51      7       52

PRECIPITATION (IN)
  YESTERDAY        0.00          0.88 2010   0.04  -0.04     0.00
  MONTH TO DATE    0.27                      0.78  -0.51     0.54
  SINCE OCT 1      7.71                      8.64  -0.93     6.95
  SINCE JAN 1      3.01                      4.64  -1.63     5.16

SNOWFALL (IN)
  YESTERDAY        0.0           1.0  1963   0.0    0.0      0.0
  MONTH TO DATE    T                         0.0    0.0      0.0
  SINCE JAN 1      0.4                       7.7   -7.3     15.2
  SINCE JUL 1      7.2                      15.2   -8.0     21.7
  SNOW DEPTH       0

DEGREE DAYS
 HEATING
  YESTERDAY        7                        14     -7       13
  MONTH TO DATE  347                       305     42      270
  SINCE MAR 1    817                       922   -105      871
  SINCE JUL 1   4310                      4821   -511     5136

 COOLING
  YESTERDAY        0                         0      0        0
  MONTH TO DATE    0                         0      0        0
  SINCE MAR 1      0                         0      0        0
  SINCE JAN 1      0                         0      0        0
..................................................................


WIND (MPH)
  HIGHEST WIND SPEED    14   HIGHEST WIND DIRECTION    SE (140)
  HIGHEST GUST SPEED    15   HIGHEST GUST DIRECTION    SE (150)
  AVERAGE WIND SPEED     7.0


SKY COVER
  POSSIBLE SUNSHINE  MM
  AVERAGE SKY COVER 0.0


WEATHER CONDITIONS
THE FOLLOWING WEATHER WAS RECORDED YESTERDAY.
  NO SIGNIFICANT WEATHER WAS OBSERVED.


RELATIVE HUMIDITY (PERCENT)
 HIGHEST    70           200 AM
 LOWEST     23           200 PM
 AVERAGE    47

..........................................................


THE PENDLETON OR CLIMATE NORMALS FOR TODAY
                         NORMAL    RECORD    YEAR
 MAXIMUM TEMPERATURE (F)   63        92      1934
 MINIMUM TEMPERATURE (F)   40        26      1951
                                             1914


SUNRISE AND SUNSET
APRIL 21 2015.........SUNRISE   600 AM PDT   SUNSET   750 PM PDT
APRIL 22 2015.........SUNRISE   558 AM PDT   SUNSET   751 PM PDT


-  INDICATES NEGATIVE NUMBERS.
R  INDICATES RECORD WAS SET OR TIED.
MM INDICATES DATA IS MISSING.
T  INDICATES TRACE AMOUNT.

$$
