000
CDUS41 KPHI 260630
CLIPHL


CLIMATE REPORT
NATIONAL WEATHER SERVICE MOUNT HOLLY NJ
228 AM EDT SUN APR 26 2015


...................................

...THE PHILADELPHIA PA CLIMATE SUMMARY FOR APRIL 25 2015...

CLIMATE NORMAL PERIOD 1981 TO 2010
CLIMATE RECORD PERIOD 1872 TO 2015


WEATHER ITEM   OBSERVED TIME   RECORD YEAR NORMAL DEPARTURE LAST
                VALUE   (LST)  VALUE       VALUE  FROM      YEAR
                                                  NORMAL
..................................................................
TEMPERATURE (F)
 YESTERDAY
  MAXIMUM         58    357 PM  92    1960  67     -9       67
  MINIMUM         37    323 AM  33    1956  47    -10       43
                                      1888
  AVERAGE         48                        57     -9       55

PRECIPITATION (IN)
  YESTERDAY        0.00          2.11 1874   0.11  -0.11     0.49
  MONTH TO DATE    3.58                      3.00   0.58     1.87
  SINCE MAR 1      9.10                      6.79   2.31     6.10
  SINCE JAN 1     15.98                     12.47   3.51    14.77

SNOWFALL (IN)
  YESTERDAY        0.0           T    1919   0.0    0.0      0.0
                                      1892
  MONTH TO DATE    0.0                       0.5   -0.5       T
  SINCE MAR 1     12.0                       3.4    8.6      8.5
  SINCE JUL 1     27.0                      22.4    4.6     68.0
  SNOW DEPTH       0

DEGREE DAYS
 HEATING
  YESTERDAY       17                         8      9       10
  MONTH TO DATE  256                       306    -50      286
  SINCE MAR 1   1049                       971     78     1087
  SINCE JUL 1   4702                      4453    249     4743

 COOLING
  YESTERDAY        0                         1     -1        0
  MONTH TO DATE    3                         7     -4        9
  SINCE MAR 1      3                         8     -5        9
  SINCE JAN 1      3                         8     -5        9
..................................................................


WIND (MPH)
  HIGHEST WIND SPEED    16   HIGHEST WIND DIRECTION    SW (240)
  HIGHEST GUST SPEED    20   HIGHEST GUST DIRECTION    SW (240)
  AVERAGE WIND SPEED     9.2


SKY COVER
  POSSIBLE SUNSHINE  MM
  AVERAGE SKY COVER 0.7


WEATHER CONDITIONS
 THE FOLLOWING WEATHER WAS RECORDED YESTERDAY.
  NO SIGNIFICANT WEATHER WAS OBSERVED.


RELATIVE HUMIDITY (PERCENT)
 HIGHEST    56          1100 PM
 LOWEST     25           300 PM
 AVERAGE    41

..........................................................


THE PHILADELPHIA PA CLIMATE NORMALS FOR TODAY
                         NORMAL    RECORD    YEAR
 MAXIMUM TEMPERATURE (F)   68        93      2009
 MINIMUM TEMPERATURE (F)   48        35      1967
                                             1919


SUNRISE AND SUNSET
APRIL 26 2015.........SUNRISE   608 AM EDT   SUNSET   750 PM EDT
APRIL 27 2015.........SUNRISE   607 AM EDT   SUNSET   751 PM EDT


-  INDICATES NEGATIVE NUMBERS.
R  INDICATES RECORD WAS SET OR TIED.
MM INDICATES DATA IS MISSING.
T  INDICATES TRACE AMOUNT.




$$
