000
CDUS45 KPSR 070012
CLIPHX

CLIMATE REPORT
NATIONAL WEATHER SERVICE PHOENIX AZ
510 PM MST WED MAY 6 2015


...................................

...THE PHOENIX AZ CLIMATE SUMMARY FOR MAY 6 2015...
VALID TODAY AS OF 0500 PM LOCAL TIME.

CLIMATE NORMAL PERIOD 1981 TO 2010
CLIMATE RECORD PERIOD 1895 TO 2015


WEATHER ITEM   OBSERVED TIME   RECORD YEAR NORMAL DEPARTURE LAST
                VALUE   (LST)  VALUE       VALUE  FROM      YEAR
                                                  NORMAL
..................................................................
TEMPERATURE (F)
 TODAY
  MAXIMUM         90    403 PM 105    1947  92     -2       87
  MINIMUM         69    523 AM  44    1964  67      2       68
  AVERAGE         80                        79      1       78

PRECIPITATION (IN)
  TODAY            0.00          0.12 1900   0.00   0.00     0.00
  MONTH TO DATE    0.24                      0.02   0.22     0.00
  SINCE OCT 1      2.61                      5.23  -2.62     3.81
  SINCE JAN 1      1.57                      3.12  -1.55     0.99

SNOWFALL (IN)
  TODAY            0.0
  MONTH TO DATE    0.0
  SINCE JAN 1      0.0
  SINCE JUL 1      0.0
  SNOW DEPTH       0

DEGREE DAYS
 HEATING
  TODAY            0                         0      0        0
  MONTH TO DATE    0                         0      0        0
  SINCE MAR 1     25                       101    -76       12
  SINCE JUL 1    520                       934   -414      546

 COOLING
  TODAY           15                        14      1       13
  MONTH TO DATE   99                        81     18      104
  SINCE MAR 1    641                       419    222      547
  SINCE JAN 1    689                       436    253      609
..................................................................


WIND (MPH)
  HIGHEST WIND SPEED    20   HIGHEST WIND DIRECTION    SW (220)
  HIGHEST GUST SPEED    25   HIGHEST GUST DIRECTION    SE (150)
  AVERAGE WIND SPEED     6.8


SKY COVER
  AVERAGE SKY COVER 0.6


WEATHER CONDITIONS
 THE FOLLOWING WEATHER WAS RECORDED TODAY.
  NO SIGNIFICANT WEATHER WAS OBSERVED.


RELATIVE HUMIDITY (PERCENT)
 HIGHEST    47           500 AM
 LOWEST     11           400 PM
 AVERAGE    29

..........................................................


THE PHOENIX AZ CLIMATE NORMALS FOR TOMORROW
                         NORMAL    RECORD    YEAR
 MAXIMUM TEMPERATURE (F)   92       108      1989
 MINIMUM TEMPERATURE (F)   67        45      1896


SUNRISE AND SUNSET
MAY  6 2015...........SUNRISE   535 AM MST   SUNSET   715 PM MST
MAY  7 2015...........SUNRISE   534 AM MST   SUNSET   715 PM MST


-  INDICATES NEGATIVE NUMBERS.
R  INDICATES RECORD WAS SET OR TIED.
MM INDICATES DATA IS MISSING.
T  INDICATES TRACE AMOUNT.

$$
