000
CDUS41 KPHI 260630
CLIRDG


CLIMATE REPORT
NATIONAL WEATHER SERVICE MOUNT HOLLY NJ
228 AM EDT SUN APR 26 2015


...................................

...THE READING PA CLIMATE SUMMARY FOR APRIL 25 2015...

CLIMATE NORMAL PERIOD 1981 TO 2010
CLIMATE RECORD PERIOD 1869 TO 2015


WEATHER ITEM   OBSERVED TIME   RECORD YEAR NORMAL DEPARTURE LAST
                VALUE   (LST)  VALUE       VALUE  FROM      YEAR
                                                  NORMAL
..................................................................
TEMPERATURE (F)
 YESTERDAY
  MAXIMUM         57    513 PM  94    1915  66     -9       67
  MINIMUM         31R   400 AM  31    1999  43    -12       36
                                      1956
                                      1919
  AVERAGE         44                        55    -11       52

PRECIPITATION (IN)
  YESTERDAY        0.00          2.25 1889   0.12  -0.12     0.43
  MONTH TO DATE    1.69                      3.22  -1.53     2.82
  SINCE MAR 1      6.51                      6.70  -0.19     4.99
  SINCE JAN 1     10.25                     12.23  -1.98    11.67

SNOWFALL (IN)
  YESTERDAY       MM            MM      MM  MM     MM       MM
  MONTH TO DATE   MM                        MM     MM       MM
  SINCE MAR 1     MM                        MM     MM       MM
  SINCE JUL 1     MM                        MM     MM       MM
  SNOW DEPTH      MM

DEGREE DAYS
 HEATING
  YESTERDAY       21                        11     10       13
  MONTH TO DATE  321                       362    -41      348
  SINCE MAR 1   1241                      1105    136     1265
  SINCE JUL 1   5546                      5147    399     5575

 COOLING
  YESTERDAY        0                         0      0        0
  MONTH TO DATE    0                         0      0        9
  SINCE MAR 1      0                         0      0        9
  SINCE JAN 1      0                         0      0        9
..................................................................


WIND (MPH)
  HIGHEST WIND SPEED    13   HIGHEST WIND DIRECTION    SW (240)
  HIGHEST GUST SPEED    19   HIGHEST GUST DIRECTION     W (270)
  AVERAGE WIND SPEED     5.8


SKY COVER
  POSSIBLE SUNSHINE  MM
  AVERAGE SKY COVER 0.0


WEATHER CONDITIONS
 THE FOLLOWING WEATHER WAS RECORDED YESTERDAY.
  NO SIGNIFICANT WEATHER WAS OBSERVED.


RELATIVE HUMIDITY (PERCENT)
 HIGHEST    63           400 AM
 LOWEST     27           600 PM
 AVERAGE    45

..........................................................


THE READING PA CLIMATE NORMALS FOR TODAY
                         NORMAL    RECORD    YEAR
 MAXIMUM TEMPERATURE (F)   66        91      1990
 MINIMUM TEMPERATURE (F)   44        27      1972


SUNRISE AND SUNSET
APRIL 26 2015.........SUNRISE   610 AM EDT   SUNSET   754 PM EDT
APRIL 27 2015.........SUNRISE   609 AM EDT   SUNSET   755 PM EDT


-  INDICATES NEGATIVE NUMBERS.
R  INDICATES RECORD WAS SET OR TIED.
MM INDICATES DATA IS MISSING.
T  INDICATES TRACE AMOUNT.




$$
