000
CDUS42 KRAH 012058
CLIRDU


CLIMATE REPORT
NATIONAL WEATHER SERVICE RALEIGH NC
456 PM EDT WED APR 1 2015


...................................

...THE RALEIGH-DURHAM INTL AIRPORT NC CLIMATE SUMMARY FOR APRIL 1 2015...
VALID TODAY AS OF 0452 PM LOCAL TIME.

CLIMATE NORMAL PERIOD 1981 TO 2010
CLIMATE RECORD PERIOD 1887 TO 2015


WEATHER ITEM   OBSERVED TIME   RECORD YEAR NORMAL DEPARTURE LAST
                VALUE   (LST)  VALUE       VALUE  FROM      YEAR
                                                  NORMAL
..................................................................
TEMPERATURE (F)
 TODAY
  MAXIMUM         66    352 PM  89    1974  68     -2       80
  MINIMUM         47    553 AM  23    1923  44      3       39
  AVERAGE         57                        56      1       60

PRECIPITATION (IN)
  TODAY            0.00          0.89 1948   0.12  -0.12     0.00
  MONTH TO DATE    0.00                      0.12  -0.12     0.00
  SINCE MAR 1      3.28                      4.23  -0.95     5.06
  SINCE JAN 1      9.54                     10.96  -1.42    10.02

SNOWFALL (IN)
  TODAY            0.0           1.7  1887   0.0    0.0      0.0
  MONTH TO DATE    0.0                       0.0    0.0      0.0
  SINCE MAR 1      0.0                       0.5   -0.5      0.2
  SINCE JUL 1      7.9                       6.0    1.9      5.8
  SNOW DEPTH       0

DEGREE DAYS
 HEATING
  TODAY            8                         9     -1        5
  MONTH TO DATE    8                         9     -1        5
  SINCE MAR 1    427                       433     -6      588
  SINCE JUL 1   3324                      3005    319     3289

 COOLING
  TODAY            0                         1     -1        0
  MONTH TO DATE    0                         1     -1        0
  SINCE MAR 1      4                        12     -8        0
  SINCE JAN 1      4                        13     -9        0
..................................................................


WIND (MPH)
  HIGHEST WIND SPEED    16   HIGHEST WIND DIRECTION    NE (40)
  HIGHEST GUST SPEED    21   HIGHEST GUST DIRECTION     E (80)
  AVERAGE WIND SPEED     7.2


SKY COVER
  POSSIBLE SUNSHINE  MM
  AVERAGE SKY COVER 0.2


WEATHER CONDITIONS
 THE FOLLOWING WEATHER WAS RECORDED TODAY.
  NO SIGNIFICANT WEATHER WAS OBSERVED.


RELATIVE HUMIDITY (PERCENT)
 HIGHEST    66           500 AM
 LOWEST     28           200 PM
 AVERAGE    47

..........................................................


THE RALEIGH-DURHAM INTL AIRPORT NC CLIMATE NORMALS FOR TOMORROW
                         NORMAL    RECORD    YEAR
 MAXIMUM TEMPERATURE (F)   69        90      1967
 MINIMUM TEMPERATURE (F)   44        26      1923


SUNRISE AND SUNSET
APRIL  1 2015.........SUNRISE   702 AM EDT   SUNSET   737 PM EDT
APRIL  2 2015.........SUNRISE   700 AM EDT   SUNSET   738 PM EDT


-  INDICATES NEGATIVE NUMBERS.
R  INDICATES RECORD WAS SET OR TIED.
MM INDICATES DATA IS MISSING.
T  INDICATES TRACE AMOUNT.

&&

CLIMATE REPORT NWS FORECAST OFFICE
NCSU CENTENNIAL CAMPUS
RALEIGH, NC

MAXIMUM TEMPERATURE... 65

MINIMUM TEMPERATURE... 49

PRECIPITATION... 0.00

$$
