000
CDUS41 KAKQ 260533
CLIRIC


CLIMATE REPORT
NATIONAL WEATHER SERVICE WAKEFIELD, VA
133 AM EDT SUN APR 26 2015


...................................

...THE RICHMOND VA CLIMATE SUMMARY FOR APRIL 25 2015...

CLIMATE NORMAL PERIOD 1981 TO 2010
CLIMATE RECORD PERIOD 1871 TO 2015


WEATHER ITEM   OBSERVED TIME   RECORD YEAR NORMAL DEPARTURE LAST
                VALUE   (LST)  VALUE       VALUE  FROM      YEAR
                                                  NORMAL
..................................................................
TEMPERATURE (F)
 YESTERDAY
  MAXIMUM         52   1006 AM  96    1925  73    -21       77
  MINIMUM         44    106 AM  30    1936  49     -5       46
                                      1930
  AVERAGE         48                        61    -13       62

PRECIPITATION (IN)
  YESTERDAY        0.73          2.39 1937   0.11   0.62     1.45
  MONTH TO DATE    5.06                      2.73   2.33     2.99
  SINCE MAR 1      8.84                      6.77   2.07     6.23
  SINCE JAN 1     16.10                     12.57   3.53    12.54

SNOWFALL (IN)
  YESTERDAY        0.0           0.0  2002   0.0    0.0
  MONTH TO DATE    0.0                       0.1   -0.1
  SINCE NOV 1     12.8                      10.3    2.5
  SINCE JUL 1     12.8                      10.3    2.5
  SNOW DEPTH       0

DEGREE DAYS
 HEATING
  YESTERDAY       17                         6     11        3
  MONTH TO DATE  144                       215    -71      177
  SINCE MAR 1    679                       731    -52      790
  SINCE JUL 1   3781                      3667    114     3743

 COOLING
  YESTERDAY        0                         2     -2        0
  MONTH TO DATE   25                        28     -3       21
  SINCE MAR 1     25                        34     -9       23
  SINCE JAN 1     25                        34     -9       23
..................................................................


WIND (MPH)
  HIGHEST WIND SPEED    10   HIGHEST WIND DIRECTION     N (20)
  HIGHEST GUST SPEED    21   HIGHEST GUST DIRECTION    NE (50)
  AVERAGE WIND SPEED     4.7


SKY COVER
  POSSIBLE SUNSHINE  MM
  AVERAGE SKY COVER 1.0


WEATHER CONDITIONS
 THE FOLLOWING WEATHER WAS RECORDED YESTERDAY.
  THUNDERSTORM
  HEAVY RAIN
  RAIN
  LIGHT RAIN
  FOG


RELATIVE HUMIDITY (PERCENT)
 HIGHEST    93           400 PM
 LOWEST     50           800 AM
 AVERAGE    72

..........................................................


THE RICHMOND VA CLIMATE NORMALS FOR TODAY
                         NORMAL    RECORD    YEAR
 MAXIMUM TEMPERATURE (F)   73        96      1960
 MINIMUM TEMPERATURE (F)   49        32      1934
                                             1919


SUNRISE AND SUNSET
APRIL 26 2015.........SUNRISE   620 AM EDT   SUNSET   754 PM EDT
APRIL 27 2015.........SUNRISE   619 AM EDT   SUNSET   755 PM EDT


-  INDICATES NEGATIVE NUMBERS.
R  INDICATES RECORD WAS SET OR TIED.
MM INDICATES DATA IS MISSING.
T  INDICATES TRACE AMOUNT.




$$
