000
CDUS41 KRNK 180610
CLIROA


CLIMATE REPORT
NATIONAL WEATHER SERVICE BLACKSBURG VA
208 AM EDT SAT APR 18 2015


...................................

...THE ROANOKE VA CLIMATE SUMMARY FOR APRIL 17 2015...

CLIMATE NORMAL PERIOD 1981 TO 2010
CLIMATE RECORD PERIOD 1912 TO 2015


WEATHER ITEM   OBSERVED TIME   RECORD YEAR NORMAL DEPARTURE LAST
                VALUE   (LST)  VALUE       VALUE  FROM      YEAR
                                                  NORMAL
..................................................................
TEMPERATURE (F)
 YESTERDAY
  MAXIMUM         80    451 PM  91    1976  69     11       57
  MINIMUM         51    425 AM  27    1980  46      5       30
  AVERAGE         66                        57      9       44

PRECIPITATION (IN)
  YESTERDAY        T             3.38 2000   0.11  -0.11     0.00
  MONTH TO DATE    2.15                      1.90   0.25     2.18
  SINCE MAR 1      6.47                      5.36   1.11     4.94
  SINCE JAN 1     10.39                     11.17  -0.78    11.22

SNOWFALL (IN)
  YESTERDAY        0.0
  MONTH TO DATE    0.0
  SINCE MAR 1      1.9
  SINCE JUL 1     21.7
  SNOW DEPTH       0

DEGREE DAYS
 HEATING
  YESTERDAY        0                         9     -9       21
  MONTH TO DATE  115                       183    -68      157
  SINCE MAR 1    659                       735    -76      807
  SINCE JUL 1   4088                      3940    148     4209

 COOLING
  YESTERDAY        1                         1      0        0
  MONTH TO DATE    4                         9     -5        8
  SINCE MAR 1      4                        14    -10        8
  SINCE JAN 1      4                        14    -10        8
..................................................................


WIND (MPH)
  HIGHEST WIND SPEED    13   HIGHEST WIND DIRECTION    NW (320)
  HIGHEST GUST SPEED    21   HIGHEST GUST DIRECTION    NW (320)
  AVERAGE WIND SPEED     3.5


SKY COVER
  POSSIBLE SUNSHINE  MM
  AVERAGE SKY COVER 0.6


WEATHER CONDITIONS
 THE FOLLOWING WEATHER WAS RECORDED YESTERDAY.
  LIGHT RAIN
  FOG


RELATIVE HUMIDITY (PERCENT)
 HIGHEST   100          1200 AM
 LOWEST     39           500 PM
 AVERAGE    70

..........................................................


THE ROANOKE VA CLIMATE NORMALS FOR TODAY
                         NORMAL    RECORD    YEAR
 MAXIMUM TEMPERATURE (F)   69        91      1976
                                             1937
 MINIMUM TEMPERATURE (F)   46        27      1951


SUNRISE AND SUNSET
APRIL 18 2015.........SUNRISE   642 AM EDT   SUNSET   758 PM EDT
APRIL 19 2015.........SUNRISE   640 AM EDT   SUNSET   758 PM EDT


-  INDICATES NEGATIVE NUMBERS.
R  INDICATES RECORD WAS SET OR TIED.
MM INDICATES DATA IS MISSING.
T  INDICATES TRACE AMOUNT.




$$
