000
CDUS45 KCYS 050727
CLIRWL


CLIMATE REPORT
NATIONAL WEATHER SERVICE CHEYENNE WY
127 AM MDT TUE MAY 5 2015


...................................

...THE RAWLINS WY AIRPORT CLIMATE SUMMARY FOR MAY 4 2015...

CLIMATE NORMAL PERIOD 1981 TO 2010
CLIMATE RECORD PERIOD 1951 TO 2015


WEATHER ITEM   OBSERVED TIME   RECORD YEAR NORMAL DEPARTURE LAST
                VALUE   (LST)  VALUE       VALUE  FROM      YEAR
                                                  NORMAL
..................................................................
TEMPERATURE (F)
 YESTERDAY
  MAXIMUM         66    308 PM  79    2000  60      6       75
  MINIMUM         35    511 AM  23    2011  32      3       41
                                      2010
  AVERAGE         51                        46      5       58

PRECIPITATION (IN)
  YESTERDAY        0.00          1.01 1969   0.04  -0.04     0.00
  MONTH TO DATE    0.07                      0.17  -0.10     0.00
  SINCE JAN 1      1.97                      2.68  -0.71     1.64

DEGREE DAYS
 HEATING
  YESTERDAY       14                        19     -5        7
  MONTH TO DATE   42                        79    -37       54
  SINCE MAR 1   1559                      1841   -282     1705
  SINCE JUL 1   6790                      7798  -1008     7469

 COOLING
  YESTERDAY        0                         0      0        0
  MONTH TO DATE    0                         0      0        0
  SINCE MAR 1      0                         0      0        0
  SINCE JAN 1      0                         0      0        0
..................................................................


WIND (MPH)
  HIGHEST WIND SPEED    28   HIGHEST WIND DIRECTION     E (70)
  HIGHEST GUST SPEED    35   HIGHEST GUST DIRECTION     E (70)
  AVERAGE WIND SPEED     5.9


SKY COVER
  AVERAGE SKY COVER 0.3


WEATHER CONDITIONS
 THE FOLLOWING WEATHER WAS RECORDED YESTERDAY.
  THUNDERSTORM


RELATIVE HUMIDITY (PERCENT)
 HIGHEST    92           300 AM
 LOWEST     31           300 PM
 AVERAGE    62

..........................................................


THE RAWLINS WY AIRPORT CLIMATE NORMALS FOR TODAY
                         NORMAL    RECORD    YEAR
 MAXIMUM TEMPERATURE (F)   60        81      2000
 MINIMUM TEMPERATURE (F)   32        16      2010


SUNRISE AND SUNSET
MAY  5 2015...........SUNRISE   600 AM MDT   SUNSET   811 PM MDT
MAY  6 2015...........SUNRISE   559 AM MDT   SUNSET   812 PM MDT


-  INDICATES NEGATIVE NUMBERS.
R  INDICATES RECORD WAS SET OR TIED.
MM INDICATES DATA IS MISSING.
T  INDICATES TRACE AMOUNT.




$$
