000
CDUS45 KPIH 250730
CLIRXE


CLIMATE REPORT
NATIONAL WEATHER SERVICE POCATELLO ID
130 AM MDT SAT APR 25 2015


...................................

...THE REXBURG ID CLIMATE SUMMARY FOR APRIL 24 2015...

CLIMATE NORMAL PERIOD 1981 TO 2010
CLIMATE RECORD PERIOD 1998 TO 2015


WEATHER ITEM   OBSERVED TIME   RECORD YEAR NORMAL DEPARTURE LAST
                VALUE   (LST)  VALUE       VALUE  FROM      YEAR
                                                  NORMAL
..................................................................
TEMPERATURE (F)
 YESTERDAY
  MAXIMUM         63    204 PM  79    2012  59      4       52
  MINIMUM         33    611 AM  20    2002  33      0       33
  AVERAGE         48                        46      2       43

PRECIPITATION (IN)
  YESTERDAY        0.04         MM      MM   0.05  -0.01     0.04
  MONTH TO DATE    0.29                      1.15  -0.86     0.59
  SINCE OCT 1      4.32                      6.99  -2.67     5.49
  SINCE JAN 1      1.55                      3.78  -2.23     3.63

SNOWFALL (IN)
  YESTERDAY       MM
  MONTH TO DATE   MM
  SINCE MAR 1     MM
  SINCE JUL 1     MM
  SNOW DEPTH      MM

DEGREE DAYS
 HEATING
  YESTERDAY       17                        19     -2       22
  MONTH TO DATE  506                       528    -22      490
  SINCE MAR 1   1242                      1484   -242     1351
  SINCE JUL 1   6326                      7457  -1131     7166

 COOLING
  YESTERDAY        0                         0      0        0
  MONTH TO DATE    0                         0      0        0
  SINCE MAR 1      0                         0      0        0
  SINCE JAN 1      0                         0      0        0
..................................................................


WIND (MPH)
  HIGHEST WIND SPEED    25   HIGHEST WIND DIRECTION    SW (220)
  HIGHEST GUST SPEED    36   HIGHEST GUST DIRECTION    SW (220)
  AVERAGE WIND SPEED    11.4


SKY COVER
  POSSIBLE SUNSHINE  MM
  AVERAGE SKY COVER 0.4


WEATHER CONDITIONS
 THE FOLLOWING WEATHER WAS RECORDED YESTERDAY.
  LIGHT RAIN
  FOG


RELATIVE HUMIDITY (PERCENT)
 HIGHEST    75           400 AM
 LOWEST     34           100 PM
 AVERAGE    55

..........................................................


THE REXBURG ID CLIMATE NORMALS FOR TODAY
                         NORMAL    RECORD    YEAR
 MAXIMUM TEMPERATURE (F)   59        77      2012
 MINIMUM TEMPERATURE (F)   33        25      2013
                                             2009


SUNRISE AND SUNSET
APRIL 25 2015.........SUNRISE   628 AM MDT   SUNSET   823 PM MDT
APRIL 26 2015.........SUNRISE   627 AM MDT   SUNSET   824 PM MDT


-  INDICATES NEGATIVE NUMBERS.
R  INDICATES RECORD WAS SET OR TIED.
MM INDICATES DATA IS MISSING.
T  INDICATES TRACE AMOUNT.




$$
