000
CDUS42 KCHS 210519
CLISAV


CLIMATE REPORT
NATIONAL WEATHER SERVICE CHARLESTON SC
119 AM EDT TUE APR 21 2015


...................................

...THE SAVANNAH GA CLIMATE SUMMARY FOR APRIL 20 2015...

CLIMATE NORMAL PERIOD 1981 TO 2010
CLIMATE RECORD PERIOD 1871 TO 2015


WEATHER ITEM   OBSERVED TIME   RECORD YEAR NORMAL DEPARTURE LAST
                VALUE   (LST)  VALUE       VALUE  FROM      YEAR
                                                  NORMAL
..................................................................
TEMPERATURE (F)
 YESTERDAY
  MAXIMUM         74   1251 PM  94    1925  79     -5       73
  MINIMUM         61    605 AM  34    1983  55      6       53
  AVERAGE         68                        66      2       63

PRECIPITATION (IN)
  YESTERDAY        0.00          1.47 1912   0.11  -0.11      T
  MONTH TO DATE    2.44                      2.15   0.29     5.30
  SINCE MAR 1      4.46                      5.88  -1.42     7.95
  SINCE JAN 1     12.02                     12.36  -0.34    12.06

SNOWFALL (IN)
  YESTERDAY        0.0                       0.0    0.0
  SINCE MAR 1      0.0                       T      0.0
  SINCE JUL 1      0.0                       0.3   -0.3

DEGREE DAYS
 HEATING
  YESTERDAY        0                         2     -2        2
  MONTH TO DATE    7                        62    -55       37
  SINCE MAR 1    151                       272   -121      301
  SINCE JUL 1   1686                      1789   -103     1682

 COOLING
  YESTERDAY        3                         3      0        0
  MONTH TO DATE  139                        51     88       54
  SINCE MAR 1    197                        83    114       66
  SINCE JAN 1    202                        93    109       84
..................................................................


WIND (MPH)
  HIGHEST WIND SPEED    16   HIGHEST WIND DIRECTION    SW (220)
  HIGHEST GUST SPEED    24   HIGHEST GUST DIRECTION    SW (220)
  AVERAGE WIND SPEED     8.5


SKY COVER
  POSSIBLE SUNSHINE  MM
  AVERAGE SKY COVER 0.8


WEATHER CONDITIONS
 THE FOLLOWING WEATHER WAS RECORDED YESTERDAY.
  FOG
  FOG W/VISIBILITY <= 1/4 MILE


RELATIVE HUMIDITY (PERCENT)
 HIGHEST   100           100 AM
 LOWEST     66           800 PM
 AVERAGE    83

..........................................................


THE SAVANNAH GA CLIMATE NORMALS FOR TODAY
                         NORMAL    RECORD    YEAR
 MAXIMUM TEMPERATURE (F)   79        92      2002
                                             1968
 MINIMUM TEMPERATURE (F)   55        36      1953


SUNRISE AND SUNSET
APRIL 21 2015.........SUNRISE   649 AM EDT   SUNSET   758 PM EDT
APRIL 22 2015.........SUNRISE   648 AM EDT   SUNSET   759 PM EDT


-  INDICATES NEGATIVE NUMBERS.
R  INDICATES RECORD WAS SET OR TIED.
MM INDICATES DATA IS MISSING.
T  INDICATES TRACE AMOUNT.




$$
