000
CDUS46 KMTR 070027
CLISJC


CLIMATE REPORT
NATIONAL WEATHER SERVICE SAN FRANCISCO BAY AREA
527 PM PDT WED MAY 6 2015


...................................

...THE SAN JOSE CA CLIMATE SUMMARY FOR MAY 6 2015...
VALID TODAY AS OF 0500 PM LOCAL TIME.

CLIMATE NORMAL PERIOD 1981 TO 2010
CLIMATE RECORD PERIOD 1893 TO 2015


WEATHER ITEM   OBSERVED TIME   RECORD YEAR NORMAL DEPARTURE LAST
                VALUE   (LST)  VALUE       VALUE  FROM      YEAR
                                                  NORMAL
..................................................................
TEMPERATURE (F)
 TODAY
  MAXIMUM         71    316 PM  99    1987  74     -3       71
  MINIMUM         48    558 AM  38    1896  51     -3       50
  AVERAGE         60                        63     -3       61

PRECIPITATION (IN)
  TODAY            0.00          0.47 1961   0.01  -0.01     0.00
  MONTH TO DATE    0.00                      0.13  -0.13     0.00
  SINCE OCT 1     12.76                     14.32  -1.56     5.68
  SINCE JAN 1      2.81                      9.54  -6.73     4.78

SNOWFALL (IN)
  TODAY            0.0           0.0  1947
  MONTH TO DATE    0.0
  SINCE MAR 1      0.0
  SINCE JUL 1      0.0

DEGREE DAYS
 HEATING
  TODAY            5                         3      2        4
  MONTH TO DATE   23                        23      0       15
  SINCE MAR 1    324                       464   -140      321
  SINCE JUL 1   1544                      1927   -383     1862

 COOLING
  TODAY            0                         1     -1        0
  MONTH TO DATE    6                         6      0       14
  SINCE MAR 1     27                        25      2       42
  SINCE JAN 1     27                        25      2       42
..................................................................


WIND (MPH)
  RESULTANT WIND SPEED   2   RESULTANT WIND DIRECTION  SE (130)
  HIGHEST WIND SPEED    18   HIGHEST WIND DIRECTION    NW (310)
  HIGHEST GUST SPEED    23   HIGHEST GUST DIRECTION     W (290)
  AVERAGE WIND SPEED     8.1


SKY COVER
  POSSIBLE SUNSHINE  MM
  AVERAGE SKY COVER 0.2


WEATHER CONDITIONS
 THE FOLLOWING WEATHER WAS RECORDED TODAY.
  NO SIGNIFICANT WEATHER WAS OBSERVED.


RELATIVE HUMIDITY (PERCENT)
 HIGHEST    80           200 AM
 LOWEST     44           100 PM
 AVERAGE    62

..........................................................


THE SAN JOSE CA CLIMATE NORMALS FOR TOMORROW
                         NORMAL    RECORD    YEAR
 MAXIMUM TEMPERATURE (F)   74       100      1987
 MINIMUM TEMPERATURE (F)   51        35      1897


SUNRISE AND SUNSET
MAY  6 2015...........SUNRISE   607 AM PDT   SUNSET   802 PM PDT
MAY  7 2015...........SUNRISE   606 AM PDT   SUNSET   803 PM PDT


-  INDICATES NEGATIVE NUMBERS.
R  INDICATES RECORD WAS SET OR TIED.
MM INDICATES DATA IS MISSING.
T  INDICATES TRACE AMOUNT.




$$
