000
CDUS41 KBTV 250539
CLISLK


CLIMATE REPORT
NATIONAL WEATHER SERVICE BURLINGTON VT
129 AM EDT SAT APR 25 2015


...................................

...THE SARANAC LAKE NY CLIMATE SUMMARY FOR APRIL 24 2015...

CLIMATE NORMAL PERIOD 1981 TO 2010
CLIMATE RECORD PERIOD 9999 TO 9999


WEATHER ITEM   OBSERVED TIME   NORMAL DEPARTURE LAST
                VALUE   (LST)  VALUE  FROM      YEAR
                                      NORMAL
......................................................
TEMPERATURE (F)
 YESTERDAY
  MAXIMUM         32    548 PM  55    -23       46
  MINIMUM         27    501 AM  29     -2       21
  AVERAGE         30            42    -12       34

PRECIPITATION (IN)
  YESTERDAY        0.07          0.09  -0.02     0.00
  MONTH TO DATE    2.44          2.26   0.18     2.37
  SINCE MAR 1      3.31          4.54  -1.23     4.00
  SINCE JAN 1      4.18          8.28  -4.10     6.62

DEGREE DAYS
 HEATING
  YESTERDAY       35            23     12       31
  MONTH TO DATE  669           679    -10      664
  SINCE MAR 1   2077          1936    141     2216
  SINCE JUL 1   8860          8641    219     9200

 COOLING
  YESTERDAY        0             0      0        0
  MONTH TO DATE    0             0      0        0
  SINCE MAR 1      0             0      0        0
  SINCE JAN 1      0             0      0        0
......................................................


WIND (MPH)
  HIGHEST WIND SPEED    14   HIGHEST WIND DIRECTION     W (280)
  HIGHEST GUST SPEED    21   HIGHEST GUST DIRECTION     W (270)
  AVERAGE WIND SPEED     7.6


SKY COVER
  AVERAGE SKY COVER 0.9


WEATHER CONDITIONS
 THE FOLLOWING WEATHER WAS RECORDED YESTERDAY.
  LIGHT SNOW
  FOG
  HAZE


RELATIVE HUMIDITY (PERCENT)
 HIGHEST    92           200 AM
 LOWEST     59           100 PM
 AVERAGE    76

..........................................................


THE SARANAC LAKE NY CLIMATE NORMALS FOR TODAY
                         NORMAL    RECORD    YEAR
 MAXIMUM TEMPERATURE (F)   55        82      2009
 MINIMUM TEMPERATURE (F)   29        16      2014


SUNRISE AND SUNSET
APRIL 25 2015.........SUNRISE   557 AM EDT   SUNSET   753 PM EDT
APRIL 26 2015.........SUNRISE   556 AM EDT   SUNSET   755 PM EDT


-  INDICATES NEGATIVE NUMBERS.
R  INDICATES RECORD WAS SET OR TIED.
MM INDICATES DATA IS MISSING.
T  INDICATES TRACE AMOUNT.




$$
