000
CDUS46 KMTR 270835
CLISNS


CLIMATE REPORT
NATIONAL WEATHER SERVICE SAN FRANCISCO BAY AREA
135 AM PDT MON APR 27 2015


...................................

...THE SALINAS AIRPORT CLIMATE SUMMARY FOR APRIL 26 2015...

CLIMATE NORMAL PERIOD 1981 TO 2010
CLIMATE RECORD PERIOD 1930 TO 2015


WEATHER ITEM   OBSERVED TIME   RECORD YEAR NORMAL DEPARTURE LAST
                VALUE   (LST)  VALUE       VALUE  FROM      YEAR
                                                  NORMAL
..................................................................
TEMPERATURE (F)
 YESTERDAY
  MAXIMUM         67    159 PM 100    2004  68     -1       61
  MINIMUM         51    249 AM  33    1943  48      3       47
  AVERAGE         59                        58      1       54

PRECIPITATION (IN)
  YESTERDAY        0.00          0.39 1931   0.02  -0.02     0.04
  MONTH TO DATE    0.64                      0.85  -0.21     0.60
  SINCE OCT 1      9.46                     12.11  -2.65     5.78
  SINCE JAN 1      1.47                      8.20  -6.73     4.95

DEGREE DAYS
 HEATING
  YESTERDAY        6                         8     -2       11
  MONTH TO DATE  159                       226    -67      170
  SINCE MAR 1    272                       546   -274      368
  SINCE JUL 1   1121                      2360  -1239     1800

 COOLING
  YESTERDAY        0                         0      0        0
  MONTH TO DATE    1                         0      1        3
  SINCE MAR 1     18                         1     17        4
  SINCE JAN 1     26                         1     25        6
..................................................................


WIND (MPH)
  RESULTANT WIND SPEED   9   RESULTANT WIND DIRECTION  SW (240)
  HIGHEST WIND SPEED    17   HIGHEST WIND DIRECTION     W (270)
  HIGHEST GUST SPEED    22   HIGHEST GUST DIRECTION     W (250)
  AVERAGE WIND SPEED     9.8


SKY COVER
  POSSIBLE SUNSHINE  MM
  AVERAGE SKY COVER 0.0


WEATHER CONDITIONS
 THE FOLLOWING WEATHER WAS RECORDED YESTERDAY.
  NO SIGNIFICANT WEATHER WAS OBSERVED.


RELATIVE HUMIDITY (PERCENT)
 HIGHEST    83           200 AM
 LOWEST     44          1100 AM
 AVERAGE    64

..........................................................


THE SALINAS AIRPORT CLIMATE NORMALS FOR TODAY
                         NORMAL    RECORD    YEAR
 MAXIMUM TEMPERATURE (F)   68        94      2004
 MINIMUM TEMPERATURE (F)   48        34      1955


SUNRISE AND SUNSET
APRIL 27 2015.........SUNRISE   517 AM PST   SUNSET   651 PM PST
APRIL 28 2015.........SUNRISE   516 AM PST   SUNSET   652 PM PST


-  INDICATES NEGATIVE NUMBERS.
R  INDICATES RECORD WAS SET OR TIED.
MM INDICATES DATA IS MISSING.
T  INDICATES TRACE AMOUNT.




$$
