000
CDUS44 KOUN 060639
CLISPS

CLIMATE REPORT
NATIONAL WEATHER SERVICE NORMAN OK
139 AM CDT WED MAY 6 2015


...................................

...THE WICHITA FALLS CLIMATE SUMMARY FOR MAY 5 2015...

CLIMATE NORMAL PERIOD 1981 TO 2010
CLIMATE RECORD PERIOD 1897 TO 2015


WEATHER ITEM   OBSERVED TIME   RECORD YEAR NORMAL DEPARTURE LAST
                VALUE   (LST)  VALUE       VALUE  FROM      YEAR
                                                  NORMAL
..................................................................
TEMPERATURE (F)
 YESTERDAY
  MAXIMUM         68   1159 PM 102    2014  81    -13      102
  MINIMUM         59    552 AM  39    1979  56      3       63
  AVERAGE         64                        68     -4       83

PRECIPITATION (IN)
  YESTERDAY        2.58          4.37 1902   0.11   2.47     0.00
  MONTH TO DATE    2.58                      0.56   2.02     0.00
  SINCE JAN 1     10.69                      8.26   2.43     4.02

DEGREE DAYS
 COOLING
  YESTERDAY        0                         5     -5       18
  MONTH TO DATE   14                        22     -8       36
  SINCE JAN 1     94                       114    -20      142
..................................................................


WIND (MPH)
  HIGHEST WIND SPEED    22   HIGHEST WIND DIRECTION    SE (120)
  HIGHEST GUST SPEED    28   HIGHEST GUST DIRECTION    SE (120)
  AVERAGE WIND SPEED    10.2


SKY COVER
  AVERAGE SKY COVER 0.8


WEATHER CONDITIONS
 THE FOLLOWING WEATHER WAS RECORDED YESTERDAY.
  THUNDERSTORM
  HEAVY RAIN
  RAIN
  LIGHT RAIN
  FOG


RELATIVE HUMIDITY (PERCENT)
 HIGHEST   100           400 PM
 LOWEST     72           300 AM
 AVERAGE    86

..........................................................


THE WICHITA FALLS CLIMATE NORMALS FOR TODAY
                         NORMAL    RECORD    YEAR
 MAXIMUM TEMPERATURE (F)   81        97      2014
 MINIMUM TEMPERATURE (F)   56        42      1944
                                             1935


SUNRISE AND SUNSET
MAY  6 2015...........SUNRISE   640 AM CDT   SUNSET   821 PM CDT
MAY  7 2015...........SUNRISE   639 AM CDT   SUNSET   822 PM CDT


-  INDICATES NEGATIVE NUMBERS.
R  INDICATES RECORD WAS SET OR TIED.
MM INDICATES DATA IS MISSING.
T  INDICATES TRACE AMOUNT.




$$
