000
CDUS43 KEAX 050638
CLISTJ


CLIMATE REPORT
NATIONAL WEATHER SERVICE KANSAS CITY/PLEASANT HILL MO
137 AM CDT TUE MAY 5 2015


...................................

...THE ST. JOSEPH MO CLIMATE SUMMARY FOR MAY 4 2015...

CLIMATE NORMAL PERIOD 1981 TO 2010
CLIMATE RECORD PERIOD 1892 TO 2015


WEATHER ITEM   OBSERVED TIME   RECORD YEAR NORMAL DEPARTURE LAST
                VALUE   (LST)  VALUE       VALUE  FROM      YEAR
                                                  NORMAL
..................................................................
TEMPERATURE (F)
 YESTERDAY
  MAXIMUM         82    252 PM  91    1950  71     11       79
  MINIMUM         62   1159 PM  32    1954  49     13       55
  AVERAGE         72                        60     12       67

PRECIPITATION (IN)
  YESTERDAY        1.41          2.31 1958   0.20   1.21     0.00
  MONTH TO DATE    1.72                      0.76   0.96      T
  SINCE MAR 1      5.90                      6.80  -0.90     4.39
  SINCE JAN 1      7.65                      8.29  -0.64     5.21

DEGREE DAYS
 HEATING
  YESTERDAY        0                         6     -6        0
  MONTH TO DATE    4                        26    -22       31
  SINCE MAR 1    883                      1056   -173     1238
  SINCE JUL 1   5407                      5364     43     6178

 COOLING
  YESTERDAY        7                         1      6        2
  MONTH TO DATE   14                         4     10        2
  SINCE MAR 1     19                        25     -6       10
  SINCE JAN 1     19                        25     -6       10
..................................................................


WIND (MPH)
  HIGHEST WIND SPEED    31   HIGHEST WIND DIRECTION    NW (300)
  HIGHEST GUST SPEED    40   HIGHEST GUST DIRECTION    NW (300)
  AVERAGE WIND SPEED     7.6


SKY COVER
  POSSIBLE SUNSHINE  MM
  AVERAGE SKY COVER 0.5


WEATHER CONDITIONS
 THE FOLLOWING WEATHER WAS RECORDED YESTERDAY.
  THUNDERSTORM
  HEAVY RAIN
  RAIN
  LIGHT RAIN
  FOG


RELATIVE HUMIDITY (PERCENT)
 HIGHEST    93           900 PM
 LOWEST     45           200 PM
 AVERAGE    69

..........................................................


THE ST. JOSEPH MO CLIMATE NORMALS FOR TODAY
                         NORMAL    RECORD    YEAR
 MAXIMUM TEMPERATURE (F)   72        92      1971
 MINIMUM TEMPERATURE (F)   49        32      1944


SUNRISE AND SUNSET
MAY  5 2015...........SUNRISE   616 AM CDT   SUNSET   818 PM CDT
MAY  6 2015...........SUNRISE   614 AM CDT   SUNSET   819 PM CDT


-  INDICATES NEGATIVE NUMBERS.
R  INDICATES RECORD WAS SET OR TIED.
MM INDICATES DATA IS MISSING.
T  INDICATES TRACE AMOUNT.




$$
