000
CDUS41 KBGM 070539
CLISYR


CLIMATE REPORT
NATIONAL WEATHER SERVICE BINGHAMTON NY
138 AM EDT THU MAY 7 2015


...................................

...THE SYRACUSE NY CLIMATE SUMMARY FOR MAY 6 2015...

CLIMATE NORMAL PERIOD 1981 TO 2010
CLIMATE RECORD PERIOD 1902 TO 2015


WEATHER ITEM   OBSERVED TIME   RECORD YEAR NORMAL DEPARTURE LAST
                VALUE   (LST)  VALUE       VALUE  FROM      YEAR
                                                  NORMAL
..................................................................
TEMPERATURE (F)
 YESTERDAY
  MAXIMUM         78    425 PM  88    1949  66     12       59
  MINIMUM         45    516 AM  31    1968  43      2       42
                                      1958
  AVERAGE         62                        54      8       51

PRECIPITATION (IN)
  YESTERDAY        0.00          1.05 1937   0.10  -0.10     0.00
  MONTH TO DATE    T                         0.59  -0.59     0.17
  SINCE MAR 1      4.31                      6.73  -2.42     8.29
  SINCE JAN 1      8.19                     11.30  -3.11    13.84

SNOWFALL (IN)
  YESTERDAY        0.0           0.2  1970   0.0    0.0      0.0
  MONTH TO DATE    0.0                       0.1   -0.1      0.0
  SINCE MAR 1     12.9                      21.9   -9.0     22.1
  SINCE JUL 1    119.7                     123.8   -4.1    132.0
  SNOW DEPTH       0

DEGREE DAYS
 HEATING
  YESTERDAY        3                        11     -8       14
  MONTH TO DATE   24                        69    -45       77
  SINCE MAR 1   1742                      1573    169     1850
  SINCE JUL 1   6966                      6404    562     6942

 COOLING
  YESTERDAY        0                         0      0        0
  MONTH TO DATE    3                         0      3        0
  SINCE MAR 1      3                         4     -1        1
  SINCE JAN 1      3                         4     -1        1
..................................................................


WIND (MPH)
  HIGHEST WIND SPEED    16   HIGHEST WIND DIRECTION    NW (330)
  HIGHEST GUST SPEED    18   HIGHEST GUST DIRECTION    NW (330)
  AVERAGE WIND SPEED     3.9


SKY COVER
  POSSIBLE SUNSHINE  MM
  AVERAGE SKY COVER 0.5


WEATHER CONDITIONS
 THE FOLLOWING WEATHER WAS RECORDED YESTERDAY.
  HAZE


RELATIVE HUMIDITY (PERCENT)
 HIGHEST    80           600 AM
 LOWEST     25           200 PM
 AVERAGE    53

..........................................................


THE SYRACUSE NY CLIMATE NORMALS FOR TODAY
                         NORMAL    RECORD    YEAR
 MAXIMUM TEMPERATURE (F)   66        88      1930
 MINIMUM TEMPERATURE (F)   44        25      1966


SUNRISE AND SUNSET
MAY  7 2015...........SUNRISE   550 AM EDT   SUNSET   812 PM EDT
MAY  8 2015...........SUNRISE   549 AM EDT   SUNSET   813 PM EDT


-  INDICATES NEGATIVE NUMBERS.
R  INDICATES RECORD WAS SET OR TIED.
MM INDICATES DATA IS MISSING.
T  INDICATES TRACE AMOUNT.




$$
