000
CDUS42 KTBW 012118
CLITPA


CLIMATE REPORT
NATIONAL WEATHER SERVICE TAMPA BAY FL
515 PM EDT WED APR 1 2015


...................................

...THE TAMPA CLIMATE SUMMARY FOR APRIL 1 2015...
VALID TODAY AS OF 0500 PM LOCAL TIME.

CLIMATE NORMAL PERIOD 1981 TO 2010
CLIMATE RECORD PERIOD 1890 TO 2015


WEATHER ITEM   OBSERVED TIME   RECORD YEAR NORMAL DEPARTURE LAST
                VALUE   (LST)  VALUE       VALUE  FROM      YEAR
                                                  NORMAL
..................................................................
TEMPERATURE (F)
 TODAY
  MAXIMUM         80    359 PM  90    1890  78      2       79
  MINIMUM         67    608 AM  41    1987  61      6       54
  AVERAGE         74                        69      5       67

PRECIPITATION (IN)
  TODAY            0.00          2.67 1957   0.08  -0.08     0.00
  MONTH TO DATE    0.00                      0.08  -0.08     0.00
  SINCE MAR 1      1.03                      3.11  -2.08     4.95
  SINCE JAN 1      9.33                      8.15   1.18     9.90

DEGREE DAYS
 HEATING
  TODAY            0                         1     -1        0
  MONTH TO DATE    0                         1     -1        0
  SINCE MAR 1     12                        57    -45       48
  SINCE JUL 1    467                       528    -61      444

 COOLING
  TODAY            9                         5      4        2
  MONTH TO DATE    9                         5      4        2
  SINCE MAR 1    275                       131    144       80
  SINCE JAN 1    342                       244     98      184
..................................................................


WIND (MPH)
  RESULTANT WIND SPEED   8   RESULTANT WIND DIRECTION   W (260)
  HIGHEST WIND SPEED    14   HIGHEST WIND DIRECTION     W (270)
  HIGHEST GUST SPEED    18   HIGHEST GUST DIRECTION     W (270)
  AVERAGE WIND SPEED     8.3


SKY COVER
  POSSIBLE SUNSHINE  MM
  AVERAGE SKY COVER 0.3


WEATHER CONDITIONS
 THE FOLLOWING WEATHER WAS RECORDED TODAY.
  NO SIGNIFICANT WEATHER WAS OBSERVED.


RELATIVE HUMIDITY (PERCENT)
 HIGHEST    87           100 AM
 LOWEST     49           300 PM

..........................................................


THE TAMPA CLIMATE NORMALS FOR TOMORROW
                         NORMAL    RECORD    YEAR
 MAXIMUM TEMPERATURE (F)   79        90      1890
 MINIMUM TEMPERATURE (F)   61        41      1987


SUNRISE AND SUNSET
APRIL  1 2015.........SUNRISE   721 AM EDT   SUNSET   748 PM EDT
APRIL  2 2015.........SUNRISE   720 AM EDT   SUNSET   748 PM EDT


-  INDICATES NEGATIVE NUMBERS.
R  INDICATES RECORD WAS SET OR TIED.
MM INDICATES DATA IS MISSING.
T  INDICATES TRACE AMOUNT.




$$


&&
------------------------------------------------------------------
******************** SUPPLEMENTAL DATA ***************************

...RUSKIN                HIGH 80    LOW 60    PCPN 0.00
...SARASOTA/BRADENTON    HIGH 77    LOW 58    PCPN 0.00
...ST. PETERSBURG        HIGH 78    LOW 68    PCPN 0.00

...GULF WATER TEMPERATURE AT CLEARWATER BEACH 73 E
