000
CDUS44 KMRX 060823
CLITRI

CLIMATE REPORT
NATIONAL WEATHER SERVICE MORRISTOWN TN
421 AM EDT WED MAY 6 2015


...................................

...THE TRI-CITIES CLIMATE SUMMARY FOR MAY 5 2015...

CLIMATE NORMAL PERIOD 1981 TO 2010
CLIMATE RECORD PERIOD 1934 TO 2015


WEATHER ITEM   OBSERVED TIME   RECORD YEAR NORMAL DEPARTURE LAST
                VALUE   (LST)  VALUE       VALUE  FROM      YEAR
                                                  NORMAL
..................................................................
TEMPERATURE (F)
 YESTERDAY
  MAXIMUM         85    404 PM  89    1949  73     12       86
  MINIMUM         49    543 AM  30    1940  48      1       48
  AVERAGE         67                        61      6       67

PRECIPITATION (IN)
  YESTERDAY        0.00          1.87 1958   0.12  -0.12     0.00
  MONTH TO DATE    T                         0.59  -0.59      T
  SINCE MAR 1      8.88                      7.36   1.52     4.74
  SINCE JAN 1     14.21                     14.18   0.03     9.80

SNOWFALL (IN)
  YESTERDAY        0.0                       0.0    0.0      0.0
  MONTH TO DATE    0.0                       0.0    0.0      0.0
  SINCE MAR 1      T                         2.5   -2.5      0.7
  SINCE JUL 1     15.5                      13.3    2.2     13.0
  SNOW DEPTH       0

DEGREE DAYS
 HEATING
  YESTERDAY        0                         5     -5        0
  MONTH TO DATE   28                        28      0       30
  SINCE MAR 1    736                       900   -164      865
  SINCE JUL 1   4363                      4282     81     4360

 COOLING
  YESTERDAY        2                         1      1        2
  MONTH TO DATE    2                         5     -3        2
  SINCE MAR 1     12                        16     -4       23
  SINCE JAN 1     12                        16     -4       23
..................................................................


WIND (MPH)
  HIGHEST WIND SPEED     9   HIGHEST WIND DIRECTION     W (270)
  HIGHEST GUST SPEED    14   HIGHEST GUST DIRECTION    NW (310)
  AVERAGE WIND SPEED     1.4


SKY COVER
  POSSIBLE SUNSHINE  MM
  AVERAGE SKY COVER  MM


WEATHER CONDITIONS
 THE FOLLOWING WEATHER WAS RECORDED YESTERDAY.
  FOG


RELATIVE HUMIDITY (PERCENT)
 HIGHEST   100           500 AM
 LOWEST     25           400 PM
 AVERAGE    63

..........................................................


THE TRI-CITIES CLIMATE NORMALS FOR TODAY
                         NORMAL    RECORD    YEAR
 MAXIMUM TEMPERATURE (F)   73        88      1949
                                             1941
 MINIMUM TEMPERATURE (F)   48        35      1968
                                             1954


SUNRISE AND SUNSET
MAY  6 2015...........SUNRISE   631 AM EDT   SUNSET   822 PM EDT
MAY  7 2015...........SUNRISE   630 AM EDT   SUNSET   823 PM EDT


-  INDICATES NEGATIVE NUMBERS.
R  INDICATES RECORD WAS SET OR TIED.
MM INDICATES DATA IS MISSING.
T  INDICATES TRACE AMOUNT.




$$
