000
CDUS44 KMRX 012138
CLITRI

CLIMATE REPORT
NATIONAL WEATHER SERVICE MORRISTOWN TN
529 PM EDT WED APR 1 2015


...................................

...THE TRI-CITIES  CLIMATE SUMMARY FOR APRIL 1 2015...
VALID TODAY AS OF 0500 PM LOCAL TIME.

CLIMATE NORMAL PERIOD 1981 TO 2010
CLIMATE RECORD PERIOD 1934 TO 2015


WEATHER ITEM   OBSERVED TIME   RECORD YEAR NORMAL DEPARTURE LAST
                VALUE   (LST)  VALUE       VALUE  FROM      YEAR
                                                  NORMAL
..................................................................
TEMPERATURE (F)
 TODAY
  MAXIMUM         70    342 PM  83    1974  64      6       77
  MINIMUM         41    600 AM  21    1964  38      3       39
  AVERAGE         56                        51      5       58

PRECIPITATION (IN)
  TODAY            0.00          0.97 1952   0.11  -0.11     0.00
  MONTH TO DATE    0.00                      0.11  -0.11     0.00
  SINCE MAR 1      3.90                      3.55   0.35     2.27
  SINCE JAN 1      9.23                     10.37  -1.14     7.33

SNOWFALL (IN)
  TODAY            0.0                       0.0    0.0      0.0
  MONTH TO DATE    0.0                       0.0    0.0      0.0
  SINCE MAR 1      T                         1.4   -1.4      0.7
  SINCE JUL 1     15.5                      12.2    3.3     13.0
  SNOW DEPTH       0

DEGREE DAYS
 HEATING
  TODAY            9                        14     -5        7
  MONTH TO DATE    9                        14     -5        7
  SINCE MAR 1    512                       582    -70      623
  SINCE JUL 1   4139                      3964    175     4118

 COOLING
  TODAY            0                         0      0        0
  MONTH TO DATE    0                         0      0        0
  SINCE MAR 1      0                         1     -1        0
  SINCE JAN 1      0                         1     -1        0
..................................................................


WIND (MPH)
  HIGHEST WIND SPEED    12   HIGHEST WIND DIRECTION    NW (330)
  HIGHEST GUST SPEED    16   HIGHEST GUST DIRECTION    NW (320)
  AVERAGE WIND SPEED     3.9


SKY COVER
  POSSIBLE SUNSHINE  MM
  AVERAGE SKY COVER 0.1


WEATHER CONDITIONS
 THE FOLLOWING WEATHER WAS RECORDED TODAY.
  NO SIGNIFICANT WEATHER WAS OBSERVED.


RELATIVE HUMIDITY (PERCENT)
 HIGHEST    76           600 AM
 LOWEST     15           400 PM
 AVERAGE    46

..........................................................


THE TRI-CITIES CLIMATE NORMALS FOR TOMORROW
                         NORMAL    RECORD    YEAR
 MAXIMUM TEMPERATURE (F)   64        88      2010
 MINIMUM TEMPERATURE (F)   39        27      2001
                                             1992


SUNRISE AND SUNSET
APRIL  1 2015.........SUNRISE   716 AM EDT   SUNSET   752 PM EDT
APRIL  2 2015.........SUNRISE   715 AM EDT   SUNSET   752 PM EDT


-  INDICATES NEGATIVE NUMBERS.
R  INDICATES RECORD WAS SET OR TIED.
MM INDICATES DATA IS MISSING.
T  INDICATES TRACE AMOUNT.




$$
