000
CDUS44 KTSA 271416
CLITUL

CLIMATE REPORT
NATIONAL WEATHER SERVICE TULSA OK
912 AM CDT MON APR 27 2015


...................................

...THE TULSA OKLAHOMA CLIMATE SUMMARY FOR APRIL 27 2015...
VALID AS OF 0900 AM LOCAL TIME.

CLIMATE NORMAL PERIOD 1981 TO 2010
CLIMATE RECORD PERIOD 1882 TO 2015


WEATHER ITEM   OBSERVED TIME   RECORD YEAR NORMAL DEPARTURE LAST
                VALUE   (LST)  VALUE       VALUE  FROM      YEAR
                                                  NORMAL
..................................................................
TEMPERATURE (F)
 TODAY
  MAXIMUM         58   1244 AM  92    1966  75    -17       85
  MINIMUM         54    744 AM  36    1920  53      1       59
                                      1910
  AVERAGE         56                        64     -8       72

PRECIPITATION (IN)
  TODAY            0.09          2.33 1998   0.15  -0.06     0.64
  MONTH TO DATE    3.36                      3.30   0.06     2.08
  SINCE MAR 1      7.07                      6.59   0.48     4.44
  SINCE JAN 1      9.39                     10.10  -0.71     4.89

SNOWFALL (IN)
  TODAY            0.0                                        T
  MONTH TO DATE    0.0                                        T
  SINCE MAR 1      0.3                                       2.4
  SINCE JUL 1      8.5                                      12.4

DEGREE DAYS
 HEATING
  TODAY            9                         4      5        0
  MONTH TO DATE  107                       178    -71      172
  SINCE MAR 1    488                       616   -128      734
  SINCE JUL 1   3503                      3527    -24     4035

 COOLING
  TODAY            0                         3     -3        7
  MONTH TO DATE   61                        44     17       33
  SINCE MAR 1     74                        55     19       34
  SINCE JAN 1     74                        56     18       34
..................................................................


WIND (MPH)
  HIGHEST WIND SPEED    20   HIGHEST WIND DIRECTION    NE (40)
  HIGHEST GUST SPEED    23   HIGHEST GUST DIRECTION    NE (50)
  AVERAGE WIND SPEED     5.8


SKY COVER
  POSSIBLE SUNSHINE  MM
  AVERAGE SKY COVER 0.7


WEATHER CONDITIONS
 THE FOLLOWING WEATHER WAS RECORDED TODAY.
  THUNDERSTORM
  RAIN
  LIGHT RAIN


RELATIVE HUMIDITY (PERCENT)
 HIGHEST    86           300 AM
 LOWEST     86           300 AM
 AVERAGE    86

..........................................................


THE TULSA OKLAHOMA CLIMATE NORMALS FOR TOMORROW
                         NORMAL    RECORD    YEAR
 MAXIMUM TEMPERATURE (F)   75        88      1970
                                             1910
 MINIMUM TEMPERATURE (F)   54        37      1965


SUNRISE AND SUNSET
APRIL 27 2015.........SUNRISE   635 AM CDT   SUNSET   808 PM CDT
APRIL 28 2015.........SUNRISE   634 AM CDT   SUNSET   808 PM CDT


-  INDICATES NEGATIVE NUMBERS.
R  INDICATES RECORD WAS SET OR TIED.
MM INDICATES DATA IS MISSING.
T  INDICATES TRACE AMOUNT.




$$

&&
...........................................................

HOURLY TEMPERATURE DATA
 YESTERDAY
11AM NOON  1PM  2PM  3PM  4PM  5PM  6PM  7PM  8PM  9PM 10PM 11PM
  60   62   66   69   70   70   70   67   64   60   58   57   56

 TODAY
 MID  1AM  2AM  3AM  4AM  5AM  6AM  7AM  8AM  9AM
  56   57   56   54   55   54   54   54   54   55
...........................................................
ALL DATA MEASURED AT THE TULSA INTERNATIONAL AIRPORT...
EXCEPT SNOWFALL...WHICH IS MEASURED AT THE NWS OFFICE.
