000
CDUS44 KMEG 012159
CLITUP


CLIMATE REPORT
NATIONAL WEATHER SERVICE MEMPHIS TN
459 PM CDT WED APR 1 2015


...................................

...THE TUPELO CLIMATE SUMMARY FOR APRIL 1 2015...
VALID TODAY AS OF 0400 PM LOCAL TIME.

CLIMATE NORMAL PERIOD 1981 TO 2010
CLIMATE RECORD PERIOD 1930 TO 2015


WEATHER ITEM   OBSERVED TIME   RECORD YEAR NORMAL DEPARTURE LAST
                VALUE   (LST)  VALUE       VALUE  FROM      YEAR
                                                  NORMAL
..................................................................
TEMPERATURE (F)
 TODAY
  MAXIMUM         80    328 PM  88    1963  70     10       80
                                      1940
  MINIMUM         55    432 AM  31    1994  46      9       55
                                      1980
  AVERAGE         68                        58     10       68

PRECIPITATION (IN)
  TODAY            0.33          2.16 2000   0.15   0.18     0.00
  MONTH TO DATE    0.33                      0.15   0.18     0.00
  SINCE MAR 1      6.75                      4.97   1.78     3.08
  SINCE JAN 1     15.91                     14.41   1.50     9.17

SNOWFALL (IN)
  TODAY            0.0

DEGREE DAYS
 HEATING
  TODAY            0                         8     -8        0
  MONTH TO DATE    0                         8     -8        0
  SINCE MAR 1    333                       363    -30      460
  SINCE JUL 1   3051                      2794    257     3290

 COOLING
  TODAY            3                         1      2        3
  MONTH TO DATE    3                         1      2        3
  SINCE MAR 1      6                        15     -9        3
  SINCE JAN 1      6                        17    -11        3
..................................................................


WIND (MPH)
  HIGHEST WIND SPEED    17   HIGHEST WIND DIRECTION    NE (50)
  HIGHEST GUST SPEED    24   HIGHEST GUST DIRECTION    NE (50)
  AVERAGE WIND SPEED     4.8


SKY COVER
  POSSIBLE SUNSHINE  MM
  AVERAGE SKY COVER 0.3


WEATHER CONDITIONS
 THE FOLLOWING WEATHER WAS RECORDED TODAY.
  THUNDERSTORM
  HEAVY RAIN
  FOG


RELATIVE HUMIDITY (PERCENT)
 HIGHEST   100           700 AM
 LOWEST     54           100 PM
 AVERAGE    77

..........................................................


THE TUPELO CLIMATE NORMALS FOR TOMORROW
                         NORMAL    RECORD    YEAR
 MAXIMUM TEMPERATURE (F)   71        87      1940
 MINIMUM TEMPERATURE (F)   46        26      1972


SUNRISE AND SUNSET
APRIL  1 2015.........SUNRISE   643 AM CDT   SUNSET   716 PM CDT
APRIL  2 2015.........SUNRISE   641 AM CDT   SUNSET   717 PM CDT


-  INDICATES NEGATIVE NUMBERS.
R  INDICATES RECORD WAS SET OR TIED.
MM INDICATES DATA IS MISSING.
T  INDICATES TRACE AMOUNT.




$$
