000
CDUS44 KMEG 210650
CLITUP


CLIMATE REPORT
NATIONAL WEATHER SERVICE MEMPHIS TN
149 AM CDT TUE APR 21 2015


...................................

...THE TUPELO CLIMATE SUMMARY FOR APRIL 20 2015...

CLIMATE NORMAL PERIOD 1981 TO 2010
CLIMATE RECORD PERIOD 1930 TO 2015


WEATHER ITEM   OBSERVED TIME   RECORD YEAR NORMAL DEPARTURE LAST
                VALUE   (LST)  VALUE       VALUE  FROM      YEAR
                                                  NORMAL
..................................................................
TEMPERATURE (F)
 YESTERDAY
  MAXIMUM         68    250 PM  91    1987  75     -7       79
  MINIMUM         50   1159 PM  29    1983  52     -2       47
  AVERAGE         59                        63     -4       63

PRECIPITATION (IN)
  YESTERDAY        0.06          3.66 1995   0.16  -0.10     0.00
  MONTH TO DATE    5.64                      3.08   2.56     4.86
  SINCE MAR 1     12.06                      7.90   4.16     7.94
  SINCE JAN 1     21.22                     17.34   3.88    14.03

SNOWFALL (IN)
  YESTERDAY        0.0          MM      MM   0.0    0.0      0.0
  MONTH TO DATE    0.0                       0.0    0.0      0.0
  SINCE MAR 1      0.1                       0.3   -0.2       T
  SINCE JUL 1      7.4                       2.1    5.3      0.5
  SNOW DEPTH       0

DEGREE DAYS
 HEATING
  YESTERDAY        6                         4      2        2
  MONTH TO DATE   45                       117    -72      136
  SINCE MAR 1    378                       472    -94      596
  SINCE JUL 1   3096                      2903    193     3426

 COOLING
  YESTERDAY        0                         2     -2        0
  MONTH TO DATE   68                        31     37       21
  SINCE MAR 1     71                        45     26       21
  SINCE JAN 1     71                        47     24       21
..................................................................


WIND (MPH)
  HIGHEST WIND SPEED    18   HIGHEST WIND DIRECTION     W (270)
  HIGHEST GUST SPEED    24   HIGHEST GUST DIRECTION     W (280)
  AVERAGE WIND SPEED     6.3


SKY COVER
  POSSIBLE SUNSHINE  MM
  AVERAGE SKY COVER 0.5


WEATHER CONDITIONS
 THE FOLLOWING WEATHER WAS RECORDED YESTERDAY.
  THUNDERSTORM
  HEAVY RAIN
  RAIN
  LIGHT RAIN
  FOG


RELATIVE HUMIDITY (PERCENT)
 HIGHEST    93           300 AM
 LOWEST     40           500 PM
 AVERAGE    67

..........................................................


THE TUPELO CLIMATE NORMALS FOR TODAY
                         NORMAL    RECORD    YEAR
 MAXIMUM TEMPERATURE (F)   76        93      1987
 MINIMUM TEMPERATURE (F)   52        31      1983


SUNRISE AND SUNSET
APRIL 21 2015.........SUNRISE   617 AM CDT   SUNSET   731 PM CDT
APRIL 22 2015.........SUNRISE   616 AM CDT   SUNSET   732 PM CDT


-  INDICATES NEGATIVE NUMBERS.
R  INDICATES RECORD WAS SET OR TIED.
MM INDICATES DATA IS MISSING.
T  INDICATES TRACE AMOUNT.




$$
