000
CDUS43 KAPX 050538
CLITVC


CLIMATE REPORT
NATIONAL WEATHER SERVICE GAYLORD MI
138 AM EDT TUE MAY 5 2015


...................................

...THE TRAVERSE CITY MI CLIMATE SUMMARY FOR MAY 4 2015...

CLIMATE NORMAL PERIOD 1981 TO 2010
CLIMATE RECORD PERIOD 1896 TO 2015


WEATHER ITEM   OBSERVED TIME   RECORD YEAR NORMAL DEPARTURE LAST
                VALUE   (LST)  VALUE       VALUE  FROM      YEAR
                                                  NORMAL
..................................................................
TEMPERATURE (F)
 YESTERDAY
  MAXIMUM         67   1253 AM  85    1938  62      5       49
  MINIMUM         41   1159 PM  20    1966  38      3       32
  AVERAGE         54                        50      4       41

PRECIPITATION (IN)
  YESTERDAY        0.02          1.08 1938   0.08  -0.06     0.11
  MONTH TO DATE    0.02                      0.32  -0.30     0.33
  SINCE MAR 1      1.95                      4.96  -3.01     5.41
  SINCE JAN 1      2.73                      9.28  -6.55     6.83

DEGREE DAYS
 HEATING
  YESTERDAY       11                        16     -5       24
  MONTH TO DATE   34                        65    -31       83
  SINCE MAR 1   1767                      1792    -25     2115
  SINCE JUL 1   7499                      7132    367     7837

 COOLING
  YESTERDAY        0                         0      0        0
  MONTH TO DATE    5                         0      5        0
  SINCE MAR 1      5                         3      2        0
  SINCE JAN 1      5                         3      2        0
..................................................................


WIND (MPH)
  HIGHEST WIND SPEED    17   HIGHEST WIND DIRECTION    NW (330)
  HIGHEST GUST SPEED    21   HIGHEST GUST DIRECTION    NW (320)
  AVERAGE WIND SPEED     5.0




RELATIVE HUMIDITY (PERCENT)
 HIGHEST    86
 LOWEST     34
 AVERAGE    60

..........................................................


THE TRAVERSE CITY MI CLIMATE NORMALS FOR TODAY
                         NORMAL    RECORD    YEAR
 MAXIMUM TEMPERATURE (F)   62        90      1959
 MINIMUM TEMPERATURE (F)   38        24      1968


SUNRISE AND SUNSET
MAY  5 2015...........SUNRISE   627 AM EDT   SUNSET   852 PM EDT
MAY  6 2015...........SUNRISE   626 AM EDT   SUNSET   853 PM EDT


-  INDICATES NEGATIVE NUMBERS.
R  INDICATES RECORD WAS SET OR TIED.
MM INDICATES DATA IS MISSING.
T  INDICATES TRACE AMOUNT.




$$
