000
CDUS43 KLSX 260745
CLIUIN


CLIMATE REPORT
NATIONAL WEATHER SERVICE ST LOUIS MO
245 AM CDT SUN APR 26 2015


...................................

...THE QUINCY IL CLIMATE SUMMARY FOR APRIL 25 2015...

CLIMATE NORMAL PERIOD 1981 TO 2010
CLIMATE RECORD PERIOD 1901 TO 2015


WEATHER ITEM   OBSERVED TIME   RECORD YEAR NORMAL DEPARTURE LAST
                VALUE   (LST)  VALUE       VALUE  FROM      YEAR
                                                  NORMAL
..................................................................
TEMPERATURE (F)
 YESTERDAY
  MAXIMUM         56   1243 PM  92    1986  67    -11       75
  MINIMUM         47   1159 PM  32    1934  46      1       43
  AVERAGE         52                        56     -4

PRECIPITATION (IN)
  YESTERDAY        0.79          3.20 1904   0.13   0.66     0.00
  MONTH TO DATE    1.70                      3.03  -1.33     2.28
  SINCE MAR 1      2.65                      5.49  -2.84     2.96
  SINCE JAN 1      4.69                      8.89  -4.20     5.08

DEGREE DAYS
 HEATING
  YESTERDAY       13                         9      4
  MONTH TO DATE  223                       328   -105
  SINCE MAR 1    935                      1046   -111
  SINCE JUL 1   5601                      5388    213

 COOLING
  YESTERDAY        0                         1     -1
  MONTH TO DATE    6                        12     -6
  SINCE MAR 1      6                        14     -8
  SINCE JAN 1      6                        14     -8
..................................................................


WIND (MPH)
  HIGHEST WIND SPEED    23   HIGHEST WIND DIRECTION    NE (50)
  HIGHEST GUST SPEED    28   HIGHEST GUST DIRECTION    NE (40)
  AVERAGE WIND SPEED    13.9


SKY COVER
  AVERAGE SKY COVER 0.9



RELATIVE HUMIDITY (PERCENT)
 HIGHEST    93           400 AM
 LOWEST     83           100 AM
 AVERAGE    88

..........................................................


THE QUINCY IL CLIMATE NORMALS FOR TODAY
                         NORMAL    RECORD    YEAR
 MAXIMUM TEMPERATURE (F)   67        90      1989
 MINIMUM TEMPERATURE (F)   47        29      1950
                                             1907


SUNRISE AND SUNSET
APRIL 26 2015.........SUNRISE   612 AM CDT   SUNSET   754 PM CDT
APRIL 27 2015.........SUNRISE   610 AM CDT   SUNSET   755 PM CDT


-  INDICATES NEGATIVE NUMBERS.
R  INDICATES RECORD WAS SET OR TIED.
MM INDICATES DATA IS MISSING.
T  INDICATES TRACE AMOUNT.




$$
