000
CDUS43 KUNR 191832
CLIUNR


CLIMATE REPORT
NATIONAL WEATHER SERVICE RAPID CITY SD
1231 PM MDT SUN APR 19 2015


...................................

...THE EAST RAPID CITY SD CLIMATE SUMMARY FOR APRIL 19 2015...
VALID AS OF 1100 AM LOCAL TIME.

CLIMATE NORMAL PERIOD 1981 TO 2010
CLIMATE RECORD PERIOD 1888 TO 2015


WEATHER ITEM   OBSERVED RECORD YEAR NORMAL DEPARTURE LAST
                VALUE   VALUE       VALUE  FROM      YEAR
                                           NORMAL
...........................................................
TEMPERATURE (F)
 TODAY
  MAXIMUM         47     85    1936  57    -10       65
  MINIMUM         38     18    1966  35      3       43
  AVERAGE         43                 46     -3       54

PRECIPITATION (IN)
  TODAY            0.00   1.63 1891   0.08  -0.08     0.00
  MONTH TO DATE    0.51               1.15  -0.64     0.68
  SINCE MAR 1      0.61               2.14  -1.53     1.81
  SINCE JAN 1      1.16               2.91  -1.75     2.32

SNOWFALL (IN)
  TODAY            0.0   13.0  1959   0.2   -0.2      0.0
  MONTH TO DATE    T                  6.4   -6.4      7.8
  SINCE MAR 1      1.4               18.2  -16.8     22.2
  SINCE JUL 1     37.1               44.9   -7.8     72.3
  SNOW DEPTH       0

DEGREE DAYS
 HEATING
  TODAY           22                 19      3       11
  MONTH TO DATE  341                420    -79      433
  SINCE MAR 1    966               1328   -362     1453
  SINCE JUL 1   5662               6282   -620     6801

 COOLING
  TODAY            0                  0      0        0
  MONTH TO DATE    0                  0      0        0
  SINCE MAR 1      6                  0      6        0
  SINCE JAN 1      6                  0      6        0
...........................................................





WEATHER CONDITIONS
 THE FOLLOWING WEATHER WAS RECORDED TODAY.
  NO SIGNIFICANT WEATHER WAS OBSERVED.


..........................................................


THE EAST RAPID CITY SD CLIMATE NORMALS FOR TOMORROW
                         NORMAL    RECORD    YEAR
 MAXIMUM TEMPERATURE (F)   57        88      1910
 MINIMUM TEMPERATURE (F)   36        11      1927


SUNRISE AND SUNSET
APRIL 19 2015.........SUNRISE   603 AM MDT   SUNSET   742 PM MDT
APRIL 20 2015.........SUNRISE   602 AM MDT   SUNSET   743 PM MDT


-  INDICATES NEGATIVE NUMBERS.
R  INDICATES RECORD WAS SET OR TIED.
MM INDICATES DATA IS MISSING.
T  INDICATES TRACE AMOUNT.




$$
