000
CDUS44 KCRP 250700
CLIVCT

CLIMATE REPORT
NATIONAL WEATHER SERVICE CORPUS CHRISTI TX
200 AM CDT SAT APR 25 2015


...THE VICTORIA CLIMATE SUMMARY FOR APRIL 24 2015...

CLIMATE NORMAL PERIOD 1981 TO 2010
CLIMATE RECORD PERIOD 1893 TO 2015


WEATHER ITEM   OBSERVED TIME   RECORD YEAR NORMAL DEPARTURE LAST
                VALUE   (LST)  VALUE       VALUE  FROM      YEAR
                                                  NORMAL
..................................................................
TEMPERATURE (F)
 YESTERDAY
  MAXIMUM         85   1247 PM  92    1955  82      3       86
  MINIMUM         74    659 AM  44    1995  62     12       68
  AVERAGE         80                        72      8       77

PRECIPITATION (IN)
  YESTERDAY        0.03          1.25 2004   0.09  -0.06     0.00
  MONTH TO DATE    6.11                      2.15   3.96     0.38
  SINCE MAR 1     14.48                      4.92   9.56     2.00
  SINCE JAN 1     18.53                      9.52   9.01     3.66

SNOWFALL (IN)
  YESTERDAY        0.0
  MONTH TO DATE    0.0
  SINCE MAR 1      0.0
  SINCE JUL 1      0.0
  SNOW DEPTH       0

DEGREE DAYS
 HEATING
  YESTERDAY        0                         0      0        0
  MONTH TO DATE    0                        29    -29       32
  SINCE MAR 1    139                       154    -15      237
  SINCE JUL 1   1219                      1247    -28     1490

 COOLING
  YESTERDAY       15                         7      8       12
  MONTH TO DATE  192                       129     63      127
  SINCE MAR 1    252                       203     49      179
  SINCE JAN 1    267                       241     26      237
..................................................................


WIND (MPH)
  HIGHEST WIND SPEED    21   HIGHEST WIND DIRECTION     S (160)
  HIGHEST GUST SPEED    25   HIGHEST GUST DIRECTION    SE (150)
  AVERAGE WIND SPEED    11.0


SKY COVER
  POSSIBLE SUNSHINE  MM
  AVERAGE SKY COVER 0.8


WEATHER CONDITIONS
 THE FOLLOWING WEATHER WAS RECORDED YESTERDAY.
  LIGHT RAIN
  FOG


RELATIVE HUMIDITY (PERCENT)
 HIGHEST   100          1200 AM
 LOWEST     70           100 PM
 AVERAGE    85

..........................................................


THE VICTORIA CLIMATE NORMALS FOR TODAY
                         NORMAL    RECORD    YEAR
 MAXIMUM TEMPERATURE (F)   82        96      1932
 MINIMUM TEMPERATURE (F)   62        45      1910


SUNRISE AND SUNSET
APRIL 25 2015.........SUNRISE   652 AM CDT   SUNSET   800 PM CDT
APRIL 26 2015.........SUNRISE   651 AM CDT   SUNSET   800 PM CDT


-  INDICATES NEGATIVE NUMBERS.
R  INDICATES RECORD WAS SET OR TIED.
MM INDICATES DATA IS MISSING.
T  INDICATES TRACE AMOUNT.

$$

TMT
