000
CDUS42 KTAE 280759
CLIVLD


CLIMATE REPORT
NATIONAL WEATHER SERVICE TALLAHASSEE FL
358 AM EDT TUE APR 28 2015


...................................

...THE VALDOSTA CLIMATE SUMMARY FOR APRIL 27 2015...

CLIMATE NORMAL PERIOD 1981 TO 2010
CLIMATE RECORD PERIOD 1948 TO 2015


WEATHER ITEM   OBSERVED TIME   NORMAL DEPARTURE LAST
                VALUE   (LST)  VALUE  FROM      YEAR
                                      NORMAL
......................................................
TEMPERATURE (F)
 YESTERDAY
  MAXIMUM         74    256 PM  82     -8       91
  MINIMUM         65   1159 PM  55     10       62
  AVERAGE         70            69      1       77

PRECIPITATION (IN)
  YESTERDAY        0.00          0.07  -0.07     0.00
  MONTH TO DATE    4.82          2.69   2.13     8.23
  SINCE MAR 1      7.32          7.56  -0.24    12.39
  SINCE JAN 1     16.48         16.29   0.19    18.53

DEGREE DAYS
 HEATING
  YESTERDAY        0             1     -1        0
  MONTH TO DATE    0            65    -65       28
  SINCE MAR 1     96           251   -155      187
  SINCE JUL 1   1580          1631    -51     1238

 COOLING
  YESTERDAY        5             5      0       12
  MONTH TO DATE  199            78    121      142
  SINCE MAR 1    291           111    180      175
  SINCE JAN 1    295           121    174      207
......................................................


WIND (MPH)
  HIGHEST WIND SPEED    13   HIGHEST WIND DIRECTION     N (10)
  HIGHEST GUST SPEED    15   HIGHEST GUST DIRECTION     N (10)
  AVERAGE WIND SPEED     2.4




RELATIVE HUMIDITY (PERCENT)
 HIGHEST    97
 LOWEST     68
 AVERAGE    83

..........................................................




SUNRISE AND SUNSET
APRIL 28 2015.........SUNRISE   652 AM EDT   SUNSET   810 PM EDT
APRIL 29 2015.........SUNRISE   651 AM EDT   SUNSET   810 PM EDT


-  INDICATES NEGATIVE NUMBERS.
R  INDICATES RECORD WAS SET OR TIED.
MM INDICATES DATA IS MISSING.
T  INDICATES TRACE AMOUNT.




$$
