000
CDUS43 KLOT 060645
CLIVPZ


CLIMATE REPORT
NATIONAL WEATHER SERVICE CHICAGO IL
145 AM CDT WED MAY 6 2015


...................................

...THE VALPARAISO CLIMATE SUMMARY FOR MAY 5 2015...

CLIMATE NORMAL PERIOD 1981 TO 2010
CLIMATE RECORD PERIOD 1998 TO 2015


WEATHER ITEM   OBSERVED TIME   RECORD YEAR NORMAL DEPARTURE LAST
                VALUE   (LST)  VALUE       VALUE  FROM      YEAR
                                                  NORMAL
..................................................................
TEMPERATURE (F)
 YESTERDAY
  MAXIMUM         71    359 PM  83    2000  67      4       63
  MINIMUM         57   1159 PM  34    2011  45     12       40
  AVERAGE         64                        56      8       52

PRECIPITATION (IN)
  YESTERDAY        0.63R         0.26 2003   0.13   0.50      T
  MONTH TO DATE    0.78                      0.69   0.09     0.10
  SINCE MAR 1      3.55                      6.70  -3.15     3.09
  SINCE JAN 1      5.16                      9.87  -4.71     5.72

DEGREE DAYS
 HEATING
  YESTERDAY        1                        10     -9       13
  MONTH TO DATE   16                        51    -35       77
  SINCE MAR 1   1426                      1378     48     1595
  SINCE JUL 1   6684                      6110    574     7044

 COOLING
  YESTERDAY        0                         1     -1        0
  MONTH TO DATE    2                         1      1        0
  SINCE MAR 1      2                         6     -4        0
  SINCE JAN 1      2                         6     -4        0
..................................................................


WIND (MPH)
  RESULTANT WIND SPEED   5   RESULTANT WIND DIRECTION  NE (60)
  HIGHEST WIND SPEED    21   HIGHEST WIND DIRECTION     W (250)
  HIGHEST GUST SPEED    24   HIGHEST GUST DIRECTION     W (250)
  AVERAGE WIND SPEED     5.8



WEATHER CONDITIONS
 THE FOLLOWING WEATHER WAS RECORDED YESTERDAY.
  HEAVY RAIN
  RAIN
  LIGHT RAIN
  FOG


..........................................................


THE VALPARAISO CLIMATE NORMALS FOR TODAY
                         NORMAL    RECORD    YEAR
 MAXIMUM TEMPERATURE (F)   67        90      2004
 MINIMUM TEMPERATURE (F)   45        36      2014


SUNRISE AND SUNSET
MAY  6 2015...........SUNRISE   539 AM CDT   SUNSET   751 PM CDT
MAY  7 2015...........SUNRISE   538 AM CDT   SUNSET   752 PM CDT


-  INDICATES NEGATIVE NUMBERS.
R  INDICATES RECORD WAS SET OR TIED.
MM INDICATES DATA IS MISSING.
T  INDICATES TRACE AMOUNT.




$$
