000
CDUS43 KLBF 252223
CLIVTN

CLIMATE REPORT
NATIONAL WEATHER SERVICE NORTH PLATTE
522 PM CDT SAT APR 25 2015


...................................

...THE VALENTINE NE CLIMATE SUMMARY FOR APRIL 25 2015...
VALID TODAY AS OF 0500 PM LOCAL TIME.

CLIMATE NORMAL PERIOD 1981 TO 2010
CLIMATE RECORD PERIOD 1885 TO 2015


WEATHER ITEM   OBSERVED TIME   RECORD YEAR NORMAL DEPARTURE LAST
                VALUE   (LST)  VALUE       VALUE  FROM      YEAR
                                                  NORMAL
..................................................................
TEMPERATURE (F)
 TODAY
  MAXIMUM         61    417 PM  93    1962  64     -3       75
  MINIMUM         47    710 AM  21    1958  37     10       39
  AVERAGE         54                        50      4       57

PRECIPITATION (IN)
  TODAY            T             0.90 1994   0.08  -0.08     0.00
  MONTH TO DATE    1.60                      1.76  -0.16     0.51
  SINCE MAR 1      1.63                      2.83  -1.20     1.00
  SINCE JAN 1      2.25                      3.57  -1.32     1.66

SNOWFALL (IN)
  TODAY            0.0           3.0  1988   0.1   -0.1      0.0
  MONTH TO DATE    0.3                       4.2   -3.9      3.3
  SINCE MAR 1      0.8                      10.7   -9.9      8.3
  SINCE JUL 1     22.5                      32.8  -10.3     34.8
  SNOW DEPTH       0

DEGREE DAYS
 HEATING
  TODAY           11                        15     -4        8
  MONTH TO DATE  391                       485    -94      436
  SINCE MAR 1   1078                      1378   -300     1405
  SINCE JUL 1   6204                      6614   -410     6883

 COOLING
  TODAY            0                         0      0        0
  MONTH TO DATE    0                         0      0        0
  SINCE MAR 1      2                         0      2        0
  SINCE JAN 1      2                         0      2        0
..................................................................


WIND (MPH)
  HIGHEST WIND SPEED    20   HIGHEST WIND DIRECTION    NW (330)
  HIGHEST GUST SPEED    25   HIGHEST GUST DIRECTION    NW (330)
  AVERAGE WIND SPEED     8.4


SKY COVER
  POSSIBLE SUNSHINE  MM
  AVERAGE SKY COVER 0.9


WEATHER CONDITIONS
 THE FOLLOWING WEATHER WAS RECORDED TODAY.
  THUNDERSTORM
  FOG


RELATIVE HUMIDITY (PERCENT)
 HIGHEST    93           500 AM
 LOWEST     57          1200 AM
 AVERAGE    75

..........................................................


THE VALENTINE NE CLIMATE NORMALS FOR TOMORROW
                         NORMAL    RECORD    YEAR
 MAXIMUM TEMPERATURE (F)   65        90      1981
                                             1901
 MINIMUM TEMPERATURE (F)   37        21      1992
                                             1950


SUNRISE AND SUNSET
APRIL 25 2015.........SUNRISE   645 AM CDT   SUNSET   836 PM CDT
APRIL 26 2015.........SUNRISE   644 AM CDT   SUNSET   837 PM CDT


-  INDICATES NEGATIVE NUMBERS.
R  INDICATES RECORD WAS SET OR TIED.
MM INDICATES DATA IS MISSING.
T  INDICATES TRACE AMOUNT.

$$
