000
CDUS41 KAKQ 210533
CLIWAL


CLIMATE REPORT
NATIONAL WEATHER SERVICE WAKEFIELD, VA
130 AM EDT TUE APR 21 2015


...................................

...THE WALLOPS ISLAND VA CLIMATE SUMMARY FOR APRIL 20 2015...

CLIMATE NORMAL PERIOD 1981 TO 2010
CLIMATE RECORD PERIOD 1963 TO 2015


WEATHER ITEM   OBSERVED TIME   RECORD YEAR NORMAL DEPARTURE
                VALUE   (LST)  VALUE       VALUE  FROM
                                                  NORMAL
...............................................................
TEMPERATURE (F)
 YESTERDAY
  MAXIMUM         71    151 PM  87    1985  64      7
  MINIMUM         58    617 PM  34    1986  46     12
  AVERAGE         65                        55     10

PRECIPITATION (IN)
  YESTERDAY        1.06          1.15        0.10   0.96
  MONTH TO DATE    3.23                      2.17   1.06
  SINCE MAR 1      6.61                      6.17   0.44
  SINCE JAN 1     14.40                     11.97   2.43

SNOWFALL (IN)
  YESTERDAY        0.0           0.0    MM   0.0    0.0
  MONTH TO DATE    0.0                       0.1   -0.1
  SINCE NOV 1     11.3                       7.9    3.4
  SINCE JUL 1     11.3                       7.9    3.4

DEGREE DAYS
 HEATING
  YESTERDAY        0                              -10
  MONTH TO DATE  200                              -56
  SINCE MAR 1    901                               26
  SINCE JUL 1   4231                              276

 COOLING
  YESTERDAY        0                                0
  MONTH TO DATE    0                                0
  SINCE MAR 1      0                               -1
  SINCE JAN 1      0                               -1
...............................................................


WIND (MPH)
  HIGHEST WIND SPEED    28   HIGHEST WIND DIRECTION     S (160)
  HIGHEST GUST SPEED    38   HIGHEST GUST DIRECTION     S (170)
  AVERAGE WIND SPEED    14.0




RELATIVE HUMIDITY (PERCENT)
 HIGHEST   100
 LOWEST     81
 AVERAGE    91

..........................................................


THE WALLOPS ISLAND VA CLIMATE NORMALS FOR TODAY
                         NORMAL    RECORD    YEAR
 MAXIMUM TEMPERATURE (F)   65        79      1996
 MINIMUM TEMPERATURE (F)   47        35      1983


SUNRISE AND SUNSET
APRIL 21 2015.........SUNRISE   619 AM EDT   SUNSET   743 PM EDT
APRIL 22 2015.........SUNRISE   617 AM EDT   SUNSET   744 PM EDT


-  INDICATES NEGATIVE NUMBERS.
R  INDICATES RECORD WAS SET OR TIED.
MM INDICATES DATA IS MISSING.
T  INDICATES TRACE AMOUNT.




$$
